{"id":4709,"date":"2021-02-18T14:16:58","date_gmt":"2021-02-18T17:16:58","guid":{"rendered":"https:\/\/institutodelbicentenario-infd.mendoza.edu.ar\/sitio\/?page_id=4709"},"modified":"2026-02-01T13:59:50","modified_gmt":"2026-02-01T16:59:50","slug":"jefatura-de-investigacion","status":"publish","type":"page","link":"https:\/\/institutodelbicentenario-infd.mendoza.edu.ar\/sitio\/jefatura-de-investigacion\/","title":{"rendered":"Jefatura de Investigaci\u00f3n"},"content":{"rendered":"\n<p class=\"has-text-align-center\"><strong>JEFATURA DE INVESTIGACI\u00d3N<\/strong><\/p>\n\n\n\n<p class=\"has-text-align-center\">Contacto: 9030investigacion@gmail.com<\/p>\n\n\n\n<p class=\"has-text-align-center\">__________________________<\/p>\n\n\n\n<p>Fecha de publicaci\u00f3n 18\/03\/2025<\/p>\n\n\n\n<p class=\"has-text-align-center\"><strong>CONVOCATORIA PROYECTOS ESTRAT\u00c9GICOS INVESTIGACI\u00d3N 2025<\/strong><\/p>\n\n\n\n<p>Estimados\/as docentes:<\/p>\n\n\n\n<p>Entramos en contacto para informarles que se encuentra abierta la Convocatoria 2025 para el \u00c1rea de Investigaci\u00f3n de la CGES. Aquellos\/s docentes que hayan consignado sus horas en mencionada \u00e1rea, les pido por favor, entren en contacto para poder establecer l\u00edneas de acci\u00f3n. Adjunto la correspondiente circular y anexo, all\u00ed encontrar\u00e1n toda la informaci\u00f3n pertinente para que se presenten aquellos equipos que est\u00e9n interesados. Muchas gracias y quedo atenta a cualquier tipo de consulta o pregunta. Saludos cordiales.<\/p>\n\n\n\n<p><a href=\"https:\/\/institutodelbicentenario-infd.mendoza.edu.ar\/sitio\/wp-content\/uploads\/2025\/03\/IF-2025-01698328-GDEMZA-CGES_DGE-CIRCULAR-No-04-DESUP-25-CONVOCATORIA-ESTRATEGICA-2025-AREA-DE-INVESTIGACION.pdf\">IF-2025-01698328-GDEMZA-CGES_DGE-CIRCULAR-No-04-DESUP-25-CONVOCATORIA-ESTRATEGICA-2025-AREA-DE-INVESTIGACION.pdf<\/a><\/p>\n\n\n\n<p><a href=\"https:\/\/institutodelbicentenario-infd.mendoza.edu.ar\/sitio\/wp-content\/uploads\/2025\/03\/ANEXO-CIRCULAR-4-DESUP-25-Guia-para-la-elaboracion-de-PROYECTOS-ESTRATEGICOS-2025.pdf\">ANEXO-CIRCULAR-4-DESUP-25-Guia-para-la-elaboracion-de-PROYECTOS-ESTRATEGICOS-2025.pdf<\/a><\/p>\n\n\n\n<p><strong>Jefatura de Investigaci\u00f3n<\/strong><\/p>\n\n\n\n<p>__________________________<\/p>\n\n\n\n<p>Fecha de publicaci\u00f3n 28\/10\/2024<\/p>\n\n\n\n<p class=\"has-text-align-center\"><strong>Jornadas virtuales Dise\u00f1o de t\u00e9cnicas de recolecci\u00f3n de datos DES<\/strong><\/p>\n\n\n<div class=\"wp-block-image\">\n<figure class=\"aligncenter size-full is-resized\"><img decoding=\"async\" loading=\"lazy\" src=\"https:\/\/institutodelbicentenario-infd.mendoza.edu.ar\/sitio\/wp-content\/uploads\/2024\/10\/WhatsApp-Image-2024-10-28-at-14.31.21.jpeg\" alt=\"\" class=\"wp-image-11294\" width=\"338\" height=\"338\" srcset=\"https:\/\/institutodelbicentenario-infd.mendoza.edu.ar\/sitio\/wp-content\/uploads\/2024\/10\/WhatsApp-Image-2024-10-28-at-14.31.21.jpeg 1600w, https:\/\/institutodelbicentenario-infd.mendoza.edu.ar\/sitio\/wp-content\/uploads\/2024\/10\/WhatsApp-Image-2024-10-28-at-14.31.21-1000x1000.jpeg 1000w, https:\/\/institutodelbicentenario-infd.mendoza.edu.ar\/sitio\/wp-content\/uploads\/2024\/10\/WhatsApp-Image-2024-10-28-at-14.31.21-500x500.jpeg 500w, https:\/\/institutodelbicentenario-infd.mendoza.edu.ar\/sitio\/wp-content\/uploads\/2024\/10\/WhatsApp-Image-2024-10-28-at-14.31.21-768x768.jpeg 768w, https:\/\/institutodelbicentenario-infd.mendoza.edu.ar\/sitio\/wp-content\/uploads\/2024\/10\/WhatsApp-Image-2024-10-28-at-14.31.21-1536x1536.jpeg 1536w\" sizes=\"(max-width: 338px) 100vw, 338px\" \/><\/figure><\/div>\n\n\n<p>Estimados\/as docentes, el \u00c1rea de Investigaci\u00f3n de la DES, estar\u00e1 desarrollando dos jornadas virtuales bajo la tem\u00e1tica \u00abDise\u00f1o de t\u00e9cnicas de recolecci\u00f3n de datos: encuestas y entrevistas\u00bb, para el acompa\u00f1amiento a equipos de investigaci\u00f3n que se encuentren desarrollando sus proyectos.<\/p>\n\n\n\n<p>Cualquier duda o consulta comunicarse con la referente institucional de investigaci\u00f3n Mgter Florencia Utrero 2615999679 o escribir a 9030investigacion@gmail.com<\/p>\n\n\n\n<p class=\"has-text-align-center\">__________________________<\/p>\n\n\n\n<p>Fecha de publicaci\u00f3n 22\/08\/2024<\/p>\n\n\n\n<p><strong>2da CONVOCATORIA BANCO DE EVALUADORES CGES<\/strong><br>Estimados\/as docentes: El \u00c1rea de Investigaci\u00f3n de la Direcci\u00f3n de Educaci\u00f3n Superior informa<br>que se encuentra abierta la segunda convocatoria para postularse al Banco de Evaluadores.<\/p>\n\n\n\n<p>Las inscripciones estar\u00e1n abiertas hasta el 30 de septiembre y la<br>informaci\u00f3n respecto de los requisitos y procedimiento se encuentra detallada en la CIRCULAR N\u00b0 17\u2013DESUP\u201324, que adjuntamos al presente mensaje<br>Invitamos a todos aquellos que gusten sumarse y a quienes no pudieron presentarse en el llamado anterior, que lo hagan en estaoportunidad. La idea es fortalecer el Banco de Evaluadores, aumentando los investigadores y docentes que lo conforman, sumando nuevos perfiles y diversificando las formaciones y l\u00edneas tem\u00e1ticas de sus integrantes.<br>Cualquier duda o consulta comunicarse con la referente institucional de investigaci\u00f3n, Mgter Florencia Utrero (2615999679\/9030investigacion@gmail.com)<\/p>\n\n\n\n<p>Atentamente.<\/p>\n\n\n\n<p><a rel=\"noreferrer noopener\" href=\"https:\/\/institutodelbicentenario-infd.mendoza.edu.ar\/sitio\/wp-content\/uploads\/2024\/08\/CIRCULAR-N%C2%B0-17-%E2%80%93-DESUP-24-Convocatoria-BANCO-DE-EVALUADORES-2024-1era.-Convocatoria.pdf\" target=\"_blank\">Convocatoria-BANCO-DE-EVALUADORES-2024-1era.-Convocatoria.pdf<\/a><\/p>\n\n\n\n<p class=\"has-text-align-center\">__________________________<\/p>\n\n\n\n<p>Fecha de publicaci\u00f3n 22\/05\/2024<\/p>\n\n\n\n<p class=\"has-text-align-center\"><strong>Convocatoria proyectos de investigaci\u00f3n y Convocatoria banco de evaluadores 2024 (CGES)<\/strong><\/p>\n\n\n\n<p>Estimados\/as profes, les env\u00edo a continuaci\u00f3n la Circular correspondiente a las bases y condiciones de la CONVOCATORIA A PROYECTOS DE INVESTIGACI\u00d3N 2024 de CGES. La misma ha tenido una extensi\u00f3n en los plazos, teniendo por fecha de cierre el d\u00eda 17 de junio de 2024. Tambi\u00e9n les adjunto a continuaci\u00f3n, el nuevo formato de presentaci\u00f3n de proyectos v\u00e1lido para la mencionada convocatoria.<br>Por otro lado, en simult\u00e1neo, se ha abierto la Convocatoria para la conformaci\u00f3n del BANCO DE EVALUADORES 2024, de la cual, adjunto tambi\u00e9n la circular con sus bases y condiciones. Podr\u00e1n integrarlo directivos y\/o docentes activos de los Institutos de Educaci\u00f3n Superior que cuenten con antecedentes en investigaci\u00f3n y\/o conocimientos metodol\u00f3gicos en formulaci\u00f3n y evaluaci\u00f3n de informes de investigaci\u00f3n. La participaci\u00f3n como evaluador ser\u00e1 certificada por resoluci\u00f3n de la Direcci\u00f3n de Educaci\u00f3n Superior. Dicha convocatoria tiene por plazos:<br>Convocatoria de mayo: abre el 20 de mayo y cierra el 30 de junio.<br>Convocatoria de agosto: abre el 20 agosto y cierra el 30 de septiembre.<br>Para inscribirse deben completar el formulario google habilitado para inscribirse y aceptar que se compromete a cumplir en tiempo y forma con las evaluaciones solicitadas en las diferentes convocatorias. El link de acceso al formulario es el siguiente: https:\/\/forms.gle\/gmT2Kgf4NYpFtB2N6<br>Tanto para la presentaci\u00f3n de proyectos, como para inscribirse como evaluador\/a, se requieren AVALES INSTITUCIONALES, por lo cual, ante el inter\u00e9s de participar en alguna de la convocatorias, les pido se pongan en contacto con la referente de investigaci\u00f3n institucional: Florencia Utrero, 2615999679 o 9030investigaci\u00f3n@gmail.com<br>Quedo a disposici\u00f3n ante cualquier duda,<br>Florencia.<\/p>\n\n\n\n<p><a href=\"https:\/\/institutodelbicentenario-infd.mendoza.edu.ar\/sitio\/wp-content\/uploads\/2024\/05\/CIRCULAR-N%C2%B0-16-%E2%80%93-DESUP-%E2%80%93-24-Convocatoria-PROYECTOS-DE-INVESTIGACION-2024-1.pdf\">PROYECTOS-DE-INVESTIGACION-2024-1.pdf<\/a><\/p>\n\n\n\n<p><a href=\"CIRCUL_2.pdf\">CIRCUL_2.pdf<\/a><\/p>\n\n\n\n<p><a href=\"https:\/\/institutodelbicentenario-infd.mendoza.edu.ar\/sitio\/wp-content\/uploads\/2024\/05\/CIRCULAR-N%C2%B0-17-%E2%80%93-DESUP-24-Convocatoria-BANCO-DE-EVALUADORES-2024-1era.-Convocatoria.pdf\">BANCO-DE-EVALUADORES-2024-1era.-Convocatoria.pdf<\/a><\/p>\n\n\n\n<p class=\"has-text-align-center\">__________________________<\/p>\n\n\n\n<p class=\"has-text-align-center\"><a href=\"https:\/\/www.facebook.com\/hashtag\/isfdyt9030?__eep__=6&amp;__cft__%5b0%5d=AZUAeS2qce_O__6ax4kGqAHbwvxa_6RmNTOc3B8Gz8JEBOUO-S0BKSt6r7jSxIPjJiGjJfpxX5yHEn3zYOwL7s8VoNgtSv43O_a5bq-Sti_8MmbUwfbmDs1Skukl7lDnDrE&amp;__tn__=*NK-R\">#isfdyt9030<\/a><\/p>\n\n\n\n<p class=\"has-text-align-center\"><a href=\"https:\/\/www.facebook.com\/hashtag\/institutodelbicentenario?__eep__=6&amp;__cft__%5b0%5d=AZUAeS2qce_O__6ax4kGqAHbwvxa_6RmNTOc3B8Gz8JEBOUO-S0BKSt6r7jSxIPjJiGjJfpxX5yHEn3zYOwL7s8VoNgtSv43O_a5bq-Sti_8MmbUwfbmDs1Skukl7lDnDrE&amp;__tn__=*NK-R\">#institutodelbicentenario<\/a><\/p>\n\n\n\n<p class=\"has-text-align-center\"><a href=\"https:\/\/www.facebook.com\/hashtag\/educacionsuperior?__eep__=6&amp;__cft__%5b0%5d=AZUAeS2qce_O__6ax4kGqAHbwvxa_6RmNTOc3B8Gz8JEBOUO-S0BKSt6r7jSxIPjJiGjJfpxX5yHEn3zYOwL7s8VoNgtSv43O_a5bq-Sti_8MmbUwfbmDs1Skukl7lDnDrE&amp;__tn__=*NK-R\">#educacionsuperior<\/a><\/p>\n","protected":false},"excerpt":{"rendered":"<p>JEFATURA DE INVESTIGACI\u00d3N Contacto: 9030investigacion@gmail.com __________________________ Fecha de publicaci\u00f3n 18\/03\/2025 CONVOCATORIA PROYECTOS ESTRAT\u00c9GICOS INVESTIGACI\u00d3N 2025 Estimados\/as docentes: Entramos en contacto para informarles que se encuentra abierta la Convocatoria 2025 para el \u00c1rea de Investigaci\u00f3n de la CGES. Aquellos\/s docentes que hayan consignado sus horas en mencionada \u00e1rea, les pido por favor, entren en contacto para &#8230; <a title=\"Jefatura de Investigaci\u00f3n\" class=\"read-more\" href=\"https:\/\/institutodelbicentenario-infd.mendoza.edu.ar\/sitio\/jefatura-de-investigacion\/\" aria-label=\"More on Jefatura de Investigaci\u00f3n\">[+]<\/a><\/p>\n","protected":false},"author":646,"featured_media":0,"parent":0,"menu_order":0,"comment_status":"closed","ping_status":"closed","template":"","meta":[],"acf":[],"_links":{"self":[{"href":"https:\/\/institutodelbicentenario-infd.mendoza.edu.ar\/sitio\/wp-json\/wp\/v2\/pages\/4709"}],"collection":[{"href":"https:\/\/institutodelbicentenario-infd.mendoza.edu.ar\/sitio\/wp-json\/wp\/v2\/pages"}],"about":[{"href":"https:\/\/institutodelbicentenario-infd.mendoza.edu.ar\/sitio\/wp-json\/wp\/v2\/types\/page"}],"author":[{"embeddable":true,"href":"https:\/\/institutodelbicentenario-infd.mendoza.edu.ar\/sitio\/wp-json\/wp\/v2\/users\/646"}],"replies":[{"embeddable":true,"href":"https:\/\/institutodelbicentenario-infd.mendoza.edu.ar\/sitio\/wp-json\/wp\/v2\/comments?post=4709"}],"version-history":[{"count":26,"href":"https:\/\/institutodelbicentenario-infd.mendoza.edu.ar\/sitio\/wp-json\/wp\/v2\/pages\/4709\/revisions"}],"predecessor-version":[{"id":12840,"href":"https:\/\/institutodelbicentenario-infd.mendoza.edu.ar\/sitio\/wp-json\/wp\/v2\/pages\/4709\/revisions\/12840"}],"wp:attachment":[{"href":"https:\/\/institutodelbicentenario-infd.mendoza.edu.ar\/sitio\/wp-json\/wp\/v2\/media?parent=4709"}],"curies":[{"name":"wp","href":"https:\/\/api.w.org\/{rel}","templated":true}]}}