{"id":3221,"date":"2020-07-27T10:46:11","date_gmt":"2020-07-27T13:46:11","guid":{"rendered":"https:\/\/institutodelbicentenario-infd.mendoza.edu.ar\/sitio\/?page_id=3221"},"modified":"2026-02-23T11:01:11","modified_gmt":"2026-02-23T14:01:11","slug":"carreras","status":"publish","type":"page","link":"https:\/\/institutodelbicentenario-infd.mendoza.edu.ar\/sitio\/carreras\/","title":{"rendered":"Carreras"},"content":{"rendered":"\n<p class=\"has-text-align-center\"><div id=\"metaslider-id-3320\" style=\"width: 100%; margin: 0 auto;\" class=\"ml-slider-3-33-0 metaslider metaslider-flex metaslider-3320 ml-slider ms-theme-default\" role=\"region\" aria-roledescription=\"Slideshow\" aria-label=\"Slideshow\">\n    <div id=\"metaslider_container_3320\">\n        <div id=\"metaslider_3320\">\n            <ul aria-live=\"polite\" class=\"slides\">\n                <li style=\"display: block; width: 100%;\" class=\"slide-3372 ms-image\" aria-roledescription=\"slide\" aria-label=\"slide-3372\"><img src=\"https:\/\/institutodelbicentenario-infd.mendoza.edu.ar\/sitio\/wp-content\/uploads\/2020\/08\/1-salida-800x100.png\" height=\"100\" width=\"800\" alt=\"\" class=\"slider-3320 slide-3372\" title=\"1-salida\" \/><\/li>\n                <li style=\"display: none; width: 100%;\" class=\"slide-3373 ms-image\" aria-roledescription=\"slide\" aria-label=\"slide-3373\"><img src=\"https:\/\/institutodelbicentenario-infd.mendoza.edu.ar\/sitio\/wp-content\/uploads\/2020\/08\/3-t\u00edtulos-800x100.png\" height=\"100\" width=\"800\" alt=\"\" class=\"slider-3320 slide-3373\" title=\"3-t\u00edtulos\" \/><\/li>\n                <li style=\"display: none; width: 100%;\" class=\"slide-3374 ms-image\" aria-roledescription=\"slide\" aria-label=\"slide-3374\"><img src=\"https:\/\/institutodelbicentenario-infd.mendoza.edu.ar\/sitio\/wp-content\/uploads\/2020\/08\/4-Instituto-800x100.png\" height=\"100\" width=\"800\" alt=\"\" class=\"slider-3320 slide-3374\" title=\"4-Instituto\" \/><\/li>\n                <li style=\"display: none; width: 100%;\" class=\"slide-3375 ms-image\" aria-roledescription=\"slide\" aria-label=\"slide-3375\"><img src=\"https:\/\/institutodelbicentenario-infd.mendoza.edu.ar\/sitio\/wp-content\/uploads\/2020\/08\/2-carreras-800x100.png\" height=\"100\" width=\"800\" alt=\"\" class=\"slider-3320 slide-3375\" title=\"2-carreras\" \/><\/li>\n            <\/ul>\n        <\/div>\n        \n    <\/div>\n<\/div><\/p>\n\n\n\n<p class=\"has-text-align-center\"><strong>No se dictan otras carreras en la instituci\u00f3n que en las especificadas a continuaci\u00f3n:<\/strong><\/p>\n\n\n\n<p class=\"has-text-align-center\"><strong><a rel=\"noopener\" href=\"https:\/\/institutodelbicentenario-infd.mendoza.edu.ar\/sitio\/profesorado-de-artes-visuales\/\">Profesorado de Artes Visuales<\/a><\/strong><\/p>\n\n\n\n<p class=\"has-text-align-center\"><strong><strong><a rel=\"noreferrer noopener\" href=\"https:\/\/institutodelbicentenario-infd.mendoza.edu.ar\/sitio\/profesorado-de-educacion-especial\/\" target=\"_blank\">Profesorado de Educaci\u00f3n Especial<\/a><\/strong><\/strong><\/p>\n\n\n\n<p class=\"has-text-align-center\"><strong><a href=\"https:\/\/institutodelbicentenario-infd.mendoza.edu.ar\/sitio\/profesorado-de-educacion-secundaria-en-historia\/\" rel=\"noopener\">Profesorado de Educaci\u00f3n Secundaria en Historia<\/a><\/strong><\/p>\n\n\n\n<p class=\"has-text-align-center\"><strong><a href=\"https:\/\/institutodelbicentenario-infd.mendoza.edu.ar\/sitio\/profesorado-de-educacion-secundaria-en-lengua-y-literatura\/\" rel=\"noopener\">Profesorado de Educaci\u00f3n Secundaria en Lengua y Literatura<\/a><\/strong><\/p>\n\n\n\n<p class=\"has-text-align-center\"><strong><a rel=\"noopener\" href=\"https:\/\/institutodelbicentenario-infd.mendoza.edu.ar\/sitio\/profesorado-de-ingles\/\">Profesorado de Ingl\u00e9s<\/a><\/strong><\/p>\n\n\n\n<p class=\"has-text-align-center\"><strong><a href=\"https:\/\/institutodelbicentenario-infd.mendoza.edu.ar\/sitio\/profesorado-de-educacion-inicial\/\" data-type=\"URL\" data-id=\"https:\/\/institutodelbicentenario-infd.mendoza.edu.ar\/sitio\/profesorado-de-educacion-inicial\/\" target=\"_blank\" rel=\"noreferrer noopener\">Profesorado de Educaci\u00f3n Inicial<\/a><\/strong><\/p>\n\n\n\n<p class=\"has-text-align-center\"><strong><a href=\"https:\/\/institutodelbicentenario-infd.mendoza.edu.ar\/sitio\/profesorado-de-educacion-primaria\/\" data-type=\"URL\" data-id=\"https:\/\/institutodelbicentenario-infd.mendoza.edu.ar\/sitio\/profesorado-de-educacion-primaria\/\" target=\"_blank\" rel=\"noreferrer noopener\">Profesorado de Educaci\u00f3n Primaria<\/a><\/strong><\/p>\n\n\n\n<p class=\"has-text-align-center\"><strong><a rel=\"noreferrer noopener\" href=\"https:\/\/institutodelbicentenario-infd.mendoza.edu.ar\/sitio\/profesorado-de-teatro\/\" data-type=\"URL\" data-id=\"https:\/\/institutodelbicentenario-infd.mendoza.edu.ar\/sitio\/profesorado-de-teatro\/\" target=\"_blank\">Profesorado de Teatro<\/a><\/strong><\/p>\n\n\n\n<p class=\"has-text-align-center\"><a rel=\"noreferrer noopener\" href=\"https:\/\/institutodelbicentenario-infd.mendoza.edu.ar\/sitio\/tecnicatura-construcciones\/\" data-type=\"URL\" data-id=\"https:\/\/institutodelbicentenario-infd.mendoza.edu.ar\/sitio\/tecnicatura-construcciones\/\" target=\"_blank\"><strong>Tecnicatura Superior en Construcciones Livianas Industrializadas y Servicios<\/strong><\/a><\/p>\n\n\n\n<p class=\"has-text-align-center\"><strong><a rel=\"noopener\" href=\"https:\/\/institutodelbicentenario-infd.mendoza.edu.ar\/sitio\/tecnicatura-superior-en-logistica\/\">Tecnicatura Superior en Log\u00edstica<\/a><\/strong><\/p>\n","protected":false},"excerpt":{"rendered":"<p>No se dictan otras carreras en la instituci\u00f3n que en las especificadas a continuaci\u00f3n: Profesorado de Artes Visuales Profesorado de Educaci\u00f3n Especial Profesorado de Educaci\u00f3n Secundaria en Historia Profesorado de Educaci\u00f3n Secundaria en Lengua y Literatura Profesorado de Ingl\u00e9s Profesorado de Educaci\u00f3n Inicial Profesorado de Educaci\u00f3n Primaria Profesorado de Teatro Tecnicatura Superior en Construcciones Livianas &#8230; <a title=\"Carreras\" class=\"read-more\" href=\"https:\/\/institutodelbicentenario-infd.mendoza.edu.ar\/sitio\/carreras\/\" aria-label=\"More on Carreras\">[+]<\/a><\/p>\n","protected":false},"author":646,"featured_media":0,"parent":0,"menu_order":0,"comment_status":"closed","ping_status":"closed","template":"","meta":[],"acf":[],"_links":{"self":[{"href":"https:\/\/institutodelbicentenario-infd.mendoza.edu.ar\/sitio\/wp-json\/wp\/v2\/pages\/3221"}],"collection":[{"href":"https:\/\/institutodelbicentenario-infd.mendoza.edu.ar\/sitio\/wp-json\/wp\/v2\/pages"}],"about":[{"href":"https:\/\/institutodelbicentenario-infd.mendoza.edu.ar\/sitio\/wp-json\/wp\/v2\/types\/page"}],"author":[{"embeddable":true,"href":"https:\/\/institutodelbicentenario-infd.mendoza.edu.ar\/sitio\/wp-json\/wp\/v2\/users\/646"}],"replies":[{"embeddable":true,"href":"https:\/\/institutodelbicentenario-infd.mendoza.edu.ar\/sitio\/wp-json\/wp\/v2\/comments?post=3221"}],"version-history":[{"count":34,"href":"https:\/\/institutodelbicentenario-infd.mendoza.edu.ar\/sitio\/wp-json\/wp\/v2\/pages\/3221\/revisions"}],"predecessor-version":[{"id":13112,"href":"https:\/\/institutodelbicentenario-infd.mendoza.edu.ar\/sitio\/wp-json\/wp\/v2\/pages\/3221\/revisions\/13112"}],"wp:attachment":[{"href":"https:\/\/institutodelbicentenario-infd.mendoza.edu.ar\/sitio\/wp-json\/wp\/v2\/media?parent=3221"}],"curies":[{"name":"wp","href":"https:\/\/api.w.org\/{rel}","templated":true}]}}