{"id":2447,"date":"2020-03-06T21:31:25","date_gmt":"2020-03-07T00:31:25","guid":{"rendered":"https:\/\/institutodelbicentenario-mza.infd.edu.ar\/sitio\/?page_id=2447"},"modified":"2026-02-02T16:00:54","modified_gmt":"2026-02-02T19:00:54","slug":"preinscripciones-cerradas","status":"publish","type":"page","link":"https:\/\/institutodelbicentenario-infd.mendoza.edu.ar\/sitio\/preinscripciones-cerradas\/","title":{"rendered":"Inscripciones cerradas"},"content":{"rendered":"\n<p class=\"has-text-align-center\"><strong>Inscripciones ciclo 2025 Cerradas<\/strong><\/p>\n\n\n\n<p class=\"has-text-align-center\"><strong>Inscripciones ciclo 2026 Abiertas<\/strong><\/p>\n\n\n\n<p class=\"has-text-align-center\">Ya podes asistir con la documentaci\u00f3n que tengas disponible para iniciar tu legajo y as\u00ed asegurar tu vacante para el ciclo 2026<\/p>\n\n\n\n<p class=\"has-text-align-center\">LA INSCRIPCI\u00d3N ES PRESENCIAL &#8211; No hay inscripci\u00f3n on-line<\/p>\n\n\n\n<p class=\"has-text-align-center\">Las carreras poseen cupos limitados<\/p>\n\n\n\n<p class=\"has-text-align-center\">Unite ahora mediante el siguiente enlace a los grupos de WhatsApp donde obtendr\u00e1s novedades e informaci\u00f3n actualizada<\/p>\n\n\n\n<p class=\"has-text-align-center\"><a rel=\"noreferrer noopener\" href=\"https:\/\/institutodelbicentenario-infd.mendoza.edu.ar\/sitio\/grupos-de-whatsapp-para-preingreso\/\" target=\"_blank\"><strong>Grupos de WhatsApp para ingreso y <\/strong><\/a><strong><a rel=\"noreferrer noopener\" href=\"https:\/\/institutodelbicentenario-infd.mendoza.edu.ar\/sitio\/grupos-de-whatsapp-para-preingreso\/\" target=\"_blank\"><strong>ambientaci\u00f3n<\/strong><\/a><\/strong><\/p>\n\n\n\n<p><strong>Requisitos:<\/strong><\/p>\n\n\n\n<p><strong>Documentaci\u00f3n que se deber\u00e1 presentar en la&nbsp;<a href=\"https:\/\/institutodelbicentenario-infd.mendoza.edu.ar\/sitio\/sede-de-cursado-y-turno-segun-ano-y-carrera\/\" target=\"_blank\" rel=\"noreferrer noopener\">Sede<\/a>&nbsp;de inscripci\u00f3n correspondiente:<\/strong><\/p>\n\n\n\n<p>1- Descargar imprimir y completar la <a rel=\"noreferrer noopener\" href=\"https:\/\/institutodelbicentenario-infd.mendoza.edu.ar\/sitio\/wp-content\/uploads\/2025\/05\/Ficha-de-inscripcion-2026.pdf\" data-type=\"URL\" data-id=\"https:\/\/institutodelbicentenario-infd.mendoza.edu.ar\/sitio\/wp-content\/uploads\/2025\/05\/Ficha-de-inscripcion-2026.pdf\" target=\"_blank\">ficha de inscripci\u00f3n<\/a><a rel=\"noreferrer noopener\" href=\"https:\/\/drive.google.com\/file\/d\/1bbZzitUM5z3526Q40JJSyh9Dxgu1ZFhP\/view?usp=sharing\" target=\"_blank\"> <\/a>y la&nbsp;<a rel=\"noreferrer noopener\" href=\"https:\/\/drive.google.com\/file\/d\/19MrSeLac_rE7-3Ygo5qCMNqnTDjSwlsp\/view?usp=sharing\" target=\"_blank\">ficha m\u00e9dica<\/a>. Puede solicitar una copia de cada ficha al momento de inscribirse.<\/p>\n\n\n\n<p>2- Fotocopia de DNI.<\/p>\n\n\n\n<p>3- Fotocopia de partida de nacimiento.<\/p>\n\n\n\n<p>4- Fotocopia de anal\u00edtico definitivo o certificado de anal\u00edtico en tr\u00e1mite o constancia de alumno regular que acredite el&nbsp;<a rel=\"noreferrer noopener\" href=\"https:\/\/institutodelbicentenario-infd.mendoza.edu.ar\/sitio\/adeudo-materias-del-secundario\/\" target=\"_blank\">\u00faltimo a\u00f1o de estudios en curso<\/a>&nbsp;o constancia de inscripci\u00f3n a rendir materias de los planes de finalidad de secundario vigentes o informar verbalmente al momento de inscribirse que est\u00e1 finalizando estudios secundarios mediante alg\u00fan plan de finalidad de estudios secundarios (<a rel=\"noreferrer noopener\" href=\"https:\/\/www.mendoza.edu.ar\/plan-fines\/\" target=\"_blank\">Plan Fines<\/a>&nbsp;u otros).<\/p>\n\n\n\n<p>5-&nbsp;<a rel=\"noreferrer noopener\" href=\"https:\/\/www.anses.gob.ar\/consulta\/constancia-de-cuil\" target=\"_blank\">Constancia de CUIL.<\/a><\/p>\n\n\n\n<p>6- Certificado antecedentes penales.<\/p>\n\n\n\n<p>7- ORL (estudio otorrinolaringol\u00f3gico).<\/p>\n\n\n\n<p>8- Dos fotos carnet de 3x3cm, 4x4cm, 4X3,5cm o cualquier otra medida de foto carnet. Preferentemente color, puede ser blanco negro.<\/p>\n\n\n\n<p>7- Psicof\u00edsico expedido por CONI o&nbsp;<a rel=\"noreferrer noopener\" href=\"http:\/\/servicios.mendoza.gov.ar\/turnos\/\" target=\"_blank\">Turno de CONI<\/a>&nbsp;o Psicof\u00edsico expedido D.G.E.<\/p>\n\n\n\n<p>9- Cooperadora: Aporte \u00fanico anual de $10.000***. Puede pagar el total al momento de la inscripci\u00f3n o pautar una forma de pago en cuotas durante el a\u00f1o. Se puede realizar transferencia bancaria mediante CBU o pagar en efectivo. No se puede realizar transferencias a trav\u00e9s de Mercadopago. ***(Monto sujeto a modificaci\u00f3n en noviembre del a\u00f1o en curso por Comisi\u00f3n Cooperadora).<\/p>\n\n\n\n<p>10- Ingrese aqui al&nbsp;<a rel=\"noreferrer noopener\" href=\"https:\/\/institutodelbicentenario-infd.mendoza.edu.ar\/sitio\/grupos-de-whatsapp-para-preingreso\/\" target=\"_blank\"><strong>grupos de WhatsApp para ingreso y ambientaci\u00f3n<\/strong><\/a>&nbsp;correspondiente a su carrera.<\/p>\n\n\n\n<p><strong>En caso de no tener alguna de la documentaci\u00f3n especificada anteriormente, usted podr\u00e1 realizar la inscripci\u00f3n con la documentaci\u00f3n que tenga disponible.<\/strong><\/p>\n\n\n\n<p><strong>Condiciones de presentaci\u00f3n de la documentaci\u00f3n:<\/strong><\/p>\n\n\n\n<p>&#8211; Las fotocopias deben presentarse junto a sus originales para la legalizaci\u00f3n al momento de la inscripci\u00f3n.<\/p>\n\n\n\n<p>&#8211; No debe enviar esta documentaci\u00f3n en parte o en su totalidad en formato digital por ning\u00fan medio. Debe entregarla impresa en forma presencial.<\/p>\n\n\n\n<p>&#8211; Esta documentaci\u00f3n puede ser entregada por un tercero o familiar.<\/p>\n\n\n\n<p><strong>Plazo m\u00e1ximo para la entrega de documentaci\u00f3n y confirmaci\u00f3n de vacante:<\/strong>&nbsp;Asista a la brevedad a entregar la documentaci\u00f3n para iniciar su legajo administrativo, con esto se efectiviza la confirmaci\u00f3n de la vacante.<\/p>\n\n\n\n<p><strong>Inscripci\u00f3n definitiva:<\/strong>&nbsp;La inscripci\u00f3n definitiva queda sujeta a la normativa que emane de la Direcci\u00f3n de Educaci\u00f3n Superior.<\/p>\n\n\n\n<p><strong>\u00bfD\u00f3nde debo presentar la documentaci\u00f3n?:<\/strong><\/p>\n\n\n\n<p><strong>Profesorado de Educaci\u00f3n Primaria, Profesorado de Educaci\u00f3n Inicial y Profesorado de Ingl\u00e9s, Tecnicatura en Log\u00edstica y Tecnicatura en Construcci\u00f3n<\/strong>&nbsp;en&nbsp;<a href=\"https:\/\/institutodelbicentenario-infd.mendoza.edu.ar\/sitio\/ubicacion\/\">\u00abSede Central\u00bb<\/a>, de lunes a viernes de 9:00 a 12:00 hs.&nbsp;<a rel=\"noreferrer noopener\" href=\"https:\/\/institutodelbicentenario-infd.mendoza.edu.ar\/sitio\/seccion-alumnos\/\" target=\"_blank\">WhatsApp de atenci\u00f3n aqu\u00ed<\/a>,<a rel=\"noreferrer noopener\" href=\"https:\/\/institutodelbicentenario-infd.mendoza.edu.ar\/sitio\/informacion-institucional\/\" target=\"_blank\">&nbsp;<\/a>en el horario mencionado.<\/p>\n\n\n\n<p><strong>Profesorado de Educaci\u00f3n Especial y Profesorado de Educaci\u00f3n Secundaria en Historia<\/strong>, en&nbsp;<a href=\"https:\/\/institutodelbicentenario-infd.mendoza.edu.ar\/sitio\/ubicacion\/\">\u00abSede Central\u00bb<\/a>, de lunes a viernes de 14:00 a 18:00 hs.&nbsp;<a rel=\"noreferrer noopener\" href=\"https:\/\/institutodelbicentenario-infd.mendoza.edu.ar\/sitio\/seccion-alumnos\/\" target=\"_blank\">WhatsApp de atenci\u00f3n aqu\u00ed<\/a>, en el horario mencionado.<\/p>\n\n\n\n<p><strong>Profesorado de Educaci\u00f3n Secundaria en Lengua y Literatura, Profesorado de Artes Visuales<\/strong>&nbsp;y&nbsp;<strong>Profesorado de<\/strong>&nbsp;<strong>Teatro<\/strong>&nbsp;en&nbsp;<a href=\"https:\/\/institutodelbicentenario-infd.mendoza.edu.ar\/sitio\/ubicacion\/\">\u00abSede Champeau\u00bb<\/a>, de lunes a viernes de 20:00 a 22:00 hs.&nbsp;<a rel=\"noreferrer noopener\" href=\"https:\/\/institutodelbicentenario-infd.mendoza.edu.ar\/sitio\/seccion-alumnos\/\" target=\"_blank\">WhatsApp de atenci\u00f3n aqu\u00ed,&nbsp;<\/a>en el horario mencionado.<\/p>\n\n\n\n<p>-Si est\u00e1 realmente imposibilitado de entregar la documentaci\u00f3n en la sede donde se dicta su carrera, excepcionalmente la puede entregar en cualquiera de las sedes. De lo contrario dir\u00edjase a la sede donde efectivamente va generarse su legajo acad\u00e9mico.<\/p>\n\n\n\n<p><a href=\"https:\/\/institutodelbicentenario-infd.mendoza.edu.ar\/sitio\/ampliatoria-de-informacion-de-preinscripciones\/\" target=\"_blank\" rel=\"noreferrer noopener\">\u2013<strong>Ampliatoria de informaci\u00f3n de preinscripciones<\/strong><\/a><\/p>\n\n\n\n<p><a href=\"https:\/\/institutodelbicentenario-infd.mendoza.edu.ar\/sitio\/ubicacion\/\">-Ubicaci\u00f3n de sedes en este enlace.<\/a><\/p>\n\n\n\n<p class=\"has-text-align-center\"><strong>M\u00e1s informaci\u00f3n<\/strong><\/p>\n\n\n\n<figure class=\"wp-block-table\"><table><tbody><tr><td class=\"has-text-align-center\" data-align=\"center\"><a href=\"https:\/\/institutodelbicentenario-infd.mendoza.edu.ar\/sitio\/preguntas-frecuentes\/\">Preguntas frecuentes<\/a><\/td><td class=\"has-text-align-center\" data-align=\"center\"><a href=\"https:\/\/institutodelbicentenario-infd.mendoza.edu.ar\/sitio\/informacion-institucional\/\">Informaci\u00f3n Institucional<\/a><\/td><\/tr><tr><td class=\"has-text-align-center\" data-align=\"center\"><a href=\"https:\/\/institutodelbicentenario-infd.mendoza.edu.ar\/sitio\/pases-y-equivalencias\/\">Pases, equivalencias<\/a><\/td><td class=\"has-text-align-center\" data-align=\"center\"><a href=\"https:\/\/institutodelbicentenario-infd.mendoza.edu.ar\/sitio\/ambientacion\/\">Ambientaci\u00f3n<\/a><\/td><\/tr><tr><td class=\"has-text-align-center\" data-align=\"center\"><a href=\"https:\/\/institutodelbicentenario-infd.mendoza.edu.ar\/sitio\/reinscripcion\/\">Reinscripci\u00f3n<\/a><\/td><td class=\"has-text-align-center\" data-align=\"center\"><a href=\"https:\/\/institutodelbicentenario-infd.mendoza.edu.ar\/sitio\/ambientacion\/\">Cuadernillos de ambientaci\u00f3n<\/a><\/td><\/tr><tr><td class=\"has-text-align-center\" data-align=\"center\"><a href=\"https:\/\/institutodelbicentenario-infd.mendoza.edu.ar\/sitio\/adeudo-materias-del-secundario\/\">Adeudo materias del secundario<\/a><\/td><td class=\"has-text-align-center\" data-align=\"center\"><a href=\"https:\/\/institutodelbicentenario-infd.mendoza.edu.ar\/sitio\/becas-progresar\/\">Becas Progresar<\/a><\/td><\/tr><tr><td class=\"has-text-align-center\" data-align=\"center\"><a href=\"https:\/\/institutodelbicentenario-infd.mendoza.edu.ar\/sitio\/articulo-7\/\">Secundario Incompleto (Art.7)<\/a><\/td><td class=\"has-text-align-center\" data-align=\"center\"><a href=\"https:\/\/institutodelbicentenario-infd.mendoza.edu.ar\/sitio\/autoridades\/\">Autoridades<\/a><\/td><\/tr><tr><td class=\"has-text-align-center\" data-align=\"center\"><a href=\"https:\/\/institutodelbicentenario-infd.mendoza.edu.ar\/sitio\/ubicacion\/\" target=\"_blank\" rel=\"noreferrer noopener\">Ubicaci\u00f3n de Sedes<\/a><\/td><td class=\"has-text-align-center\" data-align=\"center\"><a href=\"https:\/\/institutodelbicentenario-infd.mendoza.edu.ar\/sitio\/abonos\/\">Abonos<\/a><\/td><\/tr><tr><td class=\"has-text-align-center\" data-align=\"center\"><a href=\"https:\/\/institutodelbicentenario-infd.mendoza.edu.ar\/sitio\/informacion-institucional\/\">Tel\u00e9fonos<\/a><\/td><td class=\"has-text-align-center\" data-align=\"center\"><a href=\"https:\/\/www.facebook.com\/I.S.F.D.T.9030.Del.Bicentenario\/\">Facebook<\/a><\/td><\/tr><tr><td class=\"has-text-align-center\" data-align=\"center\"><a href=\"https:\/\/institutodelbicentenario-infd.mendoza.edu.ar\/sitio\/informacion-institucional\/\">Horarios de&nbsp;<\/a><a href=\"https:\/\/institutodelbicentenario-infd.mendoza.edu.ar\/sitio\/informacion-institucional\/\" target=\"_blank\" rel=\"noreferrer noopener\">cursado<\/a><\/td><td class=\"has-text-align-center\" data-align=\"center\"><a href=\"https:\/\/www.instagram.com\/isfdyt9030\/?hl=es-la\">Instagram<\/a><\/td><\/tr><tr><td class=\"has-text-align-center\" data-align=\"center\"><a href=\"https:\/\/institutodelbicentenario-infd.mendoza.edu.ar\/sitio\/informacion-institucional\/\">Horarios de<\/a><a href=\"https:\/\/institutodelbicentenario-infd.mendoza.edu.ar\/sitio\/informacion-institucional\/\">&nbsp;atenci\u00f3n<\/a><\/td><td class=\"has-text-align-center\" data-align=\"center\"><a href=\"https:\/\/institutodelbicentenario-infd.mendoza.edu.ar\/sitio\/contacto\/\" target=\"_blank\" rel=\"noreferrer noopener\">Consultas<\/a><\/td><\/tr><\/tbody><\/table><\/figure>\n","protected":false},"excerpt":{"rendered":"<p>Inscripciones ciclo 2025 Cerradas Inscripciones ciclo 2026 Abiertas Ya podes asistir con la documentaci\u00f3n que tengas disponible para iniciar tu legajo y as\u00ed asegurar tu vacante para el ciclo 2026 LA INSCRIPCI\u00d3N ES PRESENCIAL &#8211; No hay inscripci\u00f3n on-line Las carreras poseen cupos limitados Unite ahora mediante el siguiente enlace a los grupos de WhatsApp &#8230; <a title=\"Inscripciones cerradas\" class=\"read-more\" href=\"https:\/\/institutodelbicentenario-infd.mendoza.edu.ar\/sitio\/preinscripciones-cerradas\/\" aria-label=\"More on Inscripciones cerradas\">[+]<\/a><\/p>\n","protected":false},"author":646,"featured_media":0,"parent":0,"menu_order":0,"comment_status":"closed","ping_status":"closed","template":"","meta":[],"acf":[],"_links":{"self":[{"href":"https:\/\/institutodelbicentenario-infd.mendoza.edu.ar\/sitio\/wp-json\/wp\/v2\/pages\/2447"}],"collection":[{"href":"https:\/\/institutodelbicentenario-infd.mendoza.edu.ar\/sitio\/wp-json\/wp\/v2\/pages"}],"about":[{"href":"https:\/\/institutodelbicentenario-infd.mendoza.edu.ar\/sitio\/wp-json\/wp\/v2\/types\/page"}],"author":[{"embeddable":true,"href":"https:\/\/institutodelbicentenario-infd.mendoza.edu.ar\/sitio\/wp-json\/wp\/v2\/users\/646"}],"replies":[{"embeddable":true,"href":"https:\/\/institutodelbicentenario-infd.mendoza.edu.ar\/sitio\/wp-json\/wp\/v2\/comments?post=2447"}],"version-history":[{"count":104,"href":"https:\/\/institutodelbicentenario-infd.mendoza.edu.ar\/sitio\/wp-json\/wp\/v2\/pages\/2447\/revisions"}],"predecessor-version":[{"id":12902,"href":"https:\/\/institutodelbicentenario-infd.mendoza.edu.ar\/sitio\/wp-json\/wp\/v2\/pages\/2447\/revisions\/12902"}],"wp:attachment":[{"href":"https:\/\/institutodelbicentenario-infd.mendoza.edu.ar\/sitio\/wp-json\/wp\/v2\/media?parent=2447"}],"curies":[{"name":"wp","href":"https:\/\/api.w.org\/{rel}","templated":true}]}}