{"id":2308,"date":"2019-12-12T19:52:19","date_gmt":"2019-12-12T22:52:19","guid":{"rendered":"https:\/\/institutodelbicentenario-mza.infd.edu.ar\/sitio\/?page_id=2308"},"modified":"2026-03-09T10:23:45","modified_gmt":"2026-03-09T13:23:45","slug":"informacion-institucional","status":"publish","type":"page","link":"https:\/\/institutodelbicentenario-infd.mendoza.edu.ar\/sitio\/informacion-institucional\/","title":{"rendered":"Informaci\u00f3n Institucional"},"content":{"rendered":"\n<p class=\"has-text-align-center\"><strong>Informaci\u00f3n Institucional<\/strong><\/p>\n\n\n\n<p class=\"has-text-align-center\"><strong><a href=\"https:\/\/institutodelbicentenario-infd.mendoza.edu.ar\/sitio\/inscripciones-abiertas\/\" data-type=\"URL\" data-id=\"https:\/\/institutodelbicentenario-infd.mendoza.edu.ar\/sitio\/inscripciones-abiertas\/\" target=\"_blank\" rel=\"noreferrer noopener\">INSCRIPCIONES ABIERTAS<\/a><\/strong><\/p>\n\n\n\n<p class=\"has-text-align-center\"><a rel=\"noreferrer noopener\" href=\"https:\/\/institutodelbicentenario-infd.mendoza.edu.ar\/sitio\/carreras\/\" target=\"_blank\">Carreras disponibles<\/a><\/p>\n\n\n\n<p class=\"has-text-align-center\"><a rel=\"noreferrer noopener\" href=\"https:\/\/institutodelbicentenario-infd.mendoza.edu.ar\/sitio\/postitulos\/\" target=\"_blank\">Post\u00edtulos disponibles<\/a><\/p>\n\n\n\n<p class=\"has-text-align-center\"><a rel=\"noreferrer noopener\" href=\"https:\/\/institutodelbicentenario-infd.mendoza.edu.ar\/sitio\/cursos-docentes\/\" data-type=\"URL\" data-id=\"https:\/\/institutodelbicentenario-infd.mendoza.edu.ar\/sitio\/cursos-docentes\/\" target=\"_blank\">Cursos docentes disponibles<\/a><\/p>\n\n\n\n<p class=\"has-text-align-center\"><a rel=\"noreferrer noopener\" href=\"https:\/\/institutodelbicentenario-infd.mendoza.edu.ar\/sitio\/contacto\/\" target=\"_blank\">Contactos y horarios de atenci\u00f3n de todas las \u00e1reas institucionales<\/a><\/p>\n\n\n\n<p class=\"has-text-align-center\"><a rel=\"noreferrer noopener\" href=\"https:\/\/institutodelbicentenario-infd.mendoza.edu.ar\/sitio\/ubicacion\/\" target=\"_blank\">Ubicaci\u00f3n de Sedes<\/a><\/p>\n\n\n\n<p class=\"has-text-align-center\"><a rel=\"noreferrer noopener\" href=\"https:\/\/institutodelbicentenario-infd.mendoza.edu.ar\/sitio\/hc\/\" data-type=\"URL\" data-id=\"https:\/\/institutodelbicentenario-infd.mendoza.edu.ar\/sitio\/hc\/\" target=\"_blank\">Horarios de cursado seg\u00fan sede y carrera<\/a><\/p>\n\n\n\n<p class=\"has-text-align-center\"><a href=\"https:\/\/institutodelbicentenario-infd.mendoza.edu.ar\/sitio\/autoridades\/\" target=\"_blank\" rel=\"noreferrer noopener\">Autoridades<\/a><\/p>\n\n\n\n<p class=\"has-text-align-center\">Rectorado<\/p>\n\n\n\n<p class=\"has-text-align-center\">Vicerectorado<\/p>\n\n\n\n<p class=\"has-text-align-center\">Regencia<\/p>\n\n\n\n<p class=\"has-text-align-center\"><a href=\"https:\/\/institutodelbicentenario-infd.mendoza.edu.ar\/sitio\/jefatura-de-investigacion\/\" target=\"_blank\" rel=\"noreferrer noopener\">Jefatura de Investigaci\u00f3n<\/a><\/p>\n\n\n\n<p class=\"has-text-align-center\"><a href=\"https:\/\/institutodelbicentenario-infd.mendoza.edu.ar\/sitio\/formacion-continua\/\" target=\"_blank\" rel=\"noreferrer noopener\">Jefatura de Formaci\u00f3n Continua<\/a><\/p>\n\n\n\n<p class=\"has-text-align-center\"><a rel=\"noreferrer noopener\" href=\"https:\/\/institutodelbicentenario-infd.mendoza.edu.ar\/sitio\/jefatura-de-formacion-inicial\/\" target=\"_blank\">Jefatura de Formaci\u00f3n inicial<\/a><\/p>\n\n\n\n<p class=\"has-text-align-center\"><a rel=\"noreferrer noopener\" href=\"https:\/\/institutodelbicentenario-infd.mendoza.edu.ar\/sitio\/introduccion-politicas-estudiantiles\/\" target=\"_blank\">Pol\u00edticas estudiantiles<\/a><\/p>\n\n\n\n<p class=\"has-text-align-center\"><a rel=\"noreferrer noopener\" href=\"https:\/\/institutodelbicentenario-infd.mendoza.edu.ar\/sitio\/secretaria-administrativa\/\" target=\"_blank\">Secretar\u00eda Administrativa<\/a><\/p>\n\n\n\n<p class=\"has-text-align-center\"><a rel=\"noreferrer noopener\" href=\"https:\/\/institutodelbicentenario-infd.mendoza.edu.ar\/sitio\/bedelias\/\" target=\"_blank\">Jefatura de Bedeles<\/a><\/p>\n\n\n\n<p class=\"has-text-align-center\"><a href=\"https:\/\/institutodelbicentenario-infd.mendoza.edu.ar\/sitio\/seccion-alumnos\/\" target=\"_blank\" rel=\"noreferrer noopener\">Secci\u00f3n Alumnos<\/a><\/p>\n\n\n\n<p class=\"has-text-align-center\"><a rel=\"noreferrer noopener\" href=\"https:\/\/institutodelbicentenario-infd.mendoza.edu.ar\/sitio\/titulos\/\" target=\"_blank\">\u00c1rea T\u00edtulos<\/a><\/p>\n\n\n\n<p class=\"has-text-align-center\"><a href=\"https:\/\/institutodelbicentenario-infd.mendoza.edu.ar\/sitio\/biblioteca\/\" data-type=\"URL\" data-id=\"https:\/\/institutodelbicentenario-infd.mendoza.edu.ar\/sitio\/biblioteca\/\" target=\"_blank\" rel=\"noreferrer noopener\">Biblioteca<\/a><\/p>\n\n\n\n<p class=\"has-text-align-center\"><a rel=\"noreferrer noopener\" href=\"https:\/\/institutodelbicentenario-infd.mendoza.edu.ar\/sitio\/servicio-de-orientacion\/\" target=\"_blank\">Servicio de Orientaci\u00f3n Interdisciplinario de Educaci\u00f3n (SOIE)<\/a><\/p>\n\n\n\n<p class=\"has-text-align-center\"><a href=\"https:\/\/institutodelbicentenario-infd.mendoza.edu.ar\/sitio\/cooperadora\/\" target=\"_blank\" rel=\"noreferrer noopener\">Asociaci\u00f3n Cooperadora<\/a><\/p>\n\n\n\n<p class=\"has-text-align-center\"><a rel=\"noreferrer noopener\" href=\"https:\/\/institutodelbicentenario-infd.mendoza.edu.ar\/sitio\/tic\/\" data-type=\"URL\" data-id=\"https:\/\/institutodelbicentenario-infd.mendoza.edu.ar\/sitio\/tic\/\" target=\"_blank\">TIC, Sistemas, laboratorios de inform\u00e1tica y plataforma Virtual<\/a><\/p>\n\n\n\n<p class=\"has-text-align-center\"><a href=\"https:\/\/institutodelbicentenario-infd.mendoza.edu.ar\/sitio\/junta-electoral\/\" data-type=\"URL\" data-id=\"https:\/\/institutodelbicentenario-infd.mendoza.edu.ar\/sitio\/junta-electoral\/\" target=\"_blank\" rel=\"noreferrer noopener\">Junta electoral<\/a><\/p>\n","protected":false},"excerpt":{"rendered":"<p>Informaci\u00f3n Institucional INSCRIPCIONES ABIERTAS Carreras disponibles Post\u00edtulos disponibles Cursos docentes disponibles Contactos y horarios de atenci\u00f3n de todas las \u00e1reas institucionales Ubicaci\u00f3n de Sedes Horarios de cursado seg\u00fan sede y carrera Autoridades Rectorado Vicerectorado Regencia Jefatura de Investigaci\u00f3n Jefatura de Formaci\u00f3n Continua Jefatura de Formaci\u00f3n inicial Pol\u00edticas estudiantiles Secretar\u00eda Administrativa Jefatura de Bedeles Secci\u00f3n Alumnos &#8230; <a title=\"Informaci\u00f3n Institucional\" class=\"read-more\" href=\"https:\/\/institutodelbicentenario-infd.mendoza.edu.ar\/sitio\/informacion-institucional\/\" aria-label=\"More on Informaci\u00f3n Institucional\">[+]<\/a><\/p>\n","protected":false},"author":646,"featured_media":0,"parent":0,"menu_order":0,"comment_status":"closed","ping_status":"closed","template":"","meta":[],"acf":[],"_links":{"self":[{"href":"https:\/\/institutodelbicentenario-infd.mendoza.edu.ar\/sitio\/wp-json\/wp\/v2\/pages\/2308"}],"collection":[{"href":"https:\/\/institutodelbicentenario-infd.mendoza.edu.ar\/sitio\/wp-json\/wp\/v2\/pages"}],"about":[{"href":"https:\/\/institutodelbicentenario-infd.mendoza.edu.ar\/sitio\/wp-json\/wp\/v2\/types\/page"}],"author":[{"embeddable":true,"href":"https:\/\/institutodelbicentenario-infd.mendoza.edu.ar\/sitio\/wp-json\/wp\/v2\/users\/646"}],"replies":[{"embeddable":true,"href":"https:\/\/institutodelbicentenario-infd.mendoza.edu.ar\/sitio\/wp-json\/wp\/v2\/comments?post=2308"}],"version-history":[{"count":111,"href":"https:\/\/institutodelbicentenario-infd.mendoza.edu.ar\/sitio\/wp-json\/wp\/v2\/pages\/2308\/revisions"}],"predecessor-version":[{"id":13263,"href":"https:\/\/institutodelbicentenario-infd.mendoza.edu.ar\/sitio\/wp-json\/wp\/v2\/pages\/2308\/revisions\/13263"}],"wp:attachment":[{"href":"https:\/\/institutodelbicentenario-infd.mendoza.edu.ar\/sitio\/wp-json\/wp\/v2\/media?parent=2308"}],"curies":[{"name":"wp","href":"https:\/\/api.w.org\/{rel}","templated":true}]}}