{"id":2252,"date":"2019-11-12T14:37:18","date_gmt":"2019-11-12T17:37:18","guid":{"rendered":"https:\/\/institutodelbicentenario-mza.infd.edu.ar\/sitio\/?page_id=2252"},"modified":"2026-02-01T14:03:58","modified_gmt":"2026-02-01T17:03:58","slug":"oferta-de-formacion","status":"publish","type":"page","link":"https:\/\/institutodelbicentenario-infd.mendoza.edu.ar\/sitio\/oferta-de-formacion\/","title":{"rendered":"Oferta de formaci\u00f3n"},"content":{"rendered":"\n<p class=\"has-text-align-center\"><strong>2022<\/strong><\/p>\n\n\n\n<p>Estimados\/as Estudiantes!<\/p>\n\n\n\n<p class=\"has-text-align-left\">Desde el Departamento de Pol\u00edticas Estudiantiles tenemos el agrado de comunicar que ahora con <strong>Progresar pueden aprender idiomas. <\/strong><\/p>\n\n\n\n<p class=\"has-text-align-left\">&#x1f4da;Si sos titular de una beca Progresar, pod\u00e9s inscribirte al Programa de Formaci\u00f3n y <strong>Certificaci\u00f3n en Lenguas Extranjeras.<\/strong><br>Se puso en marcha el Programa de Formaci\u00f3n y Certificaci\u00f3n en Lenguas Extranjeras para que las y los j\u00f3venes de las becas Progresar tengan m\u00e1s y mejores herramientas para seguir estudiando.<br><strong>En qu\u00e9 consiste<\/strong><br>Si sos titular de una beca Progresar te invitamos a sumarte a los nuevos cursos para aprender idiomas dictados por universidades e Institutos de Formaci\u00f3n Docente de todo el pa\u00eds.<br>Pod\u00e9s aprender ingl\u00e9s, chino, portugu\u00e9s, franc\u00e9s, alem\u00e1n o italiano de forma gratuita.<br>Los cursos son virtuales y hay diferentes niveles. Cada uno tiene 4 meses de duraci\u00f3n y, una vez que hayas aprobado un nivel, pod\u00e9s seguir form\u00e1ndote en el mismo idioma o elegir uno nuevo.<br>Adem\u00e1s, cuando completes cada nivel vas a recibir un plus total de $6.000 junto a tu beca Progresar.<br><strong>Qui\u00e9nes pueden acceder<\/strong><br>Titulares de todas las l\u00edneas de las becas Progresar:<br>\u2022 Progresar 16 y 17 a\u00f1os<br>\u2022 Educaci\u00f3n obligatoria<br>\u2022 Educaci\u00f3n superior<br>\u2022 Progresar Trabajo<br>\u2022 Modalidad<br><strong>Las clases son virtuales y pueden ser<\/strong><br>\u2022 sincr\u00f3nicas: en vivo y con la presencia de la profesora o profesor.<br>\u2022 asincr\u00f3nicas: son grabadas y quedan disponibles para que puedas verlas cuando quieras.<br><strong>C\u00f3mo inscribirte<\/strong><br>La inscripci\u00f3n se realiza por internet ingresando a argentina.gob.ar\/progresar o a trav\u00e9s de la app progresar+<\/p>\n\n\n\n<p><\/p>\n\n\n<div class=\"wp-block-image\">\n<figure class=\"aligncenter size-large\"><img decoding=\"async\" loading=\"lazy\" width=\"800\" height=\"782\" src=\"https:\/\/institutodelbicentenario-infd.mendoza.edu.ar\/sitio\/wp-content\/uploads\/2022\/08\/WhatsApp-Image-2022-08-19-at-6.02.21-PM-2.jpeg\" alt=\"\" class=\"wp-image-7601\" srcset=\"https:\/\/institutodelbicentenario-infd.mendoza.edu.ar\/sitio\/wp-content\/uploads\/2022\/08\/WhatsApp-Image-2022-08-19-at-6.02.21-PM-2.jpeg 800w, https:\/\/institutodelbicentenario-infd.mendoza.edu.ar\/sitio\/wp-content\/uploads\/2022\/08\/WhatsApp-Image-2022-08-19-at-6.02.21-PM-2-768x751.jpeg 768w\" sizes=\"(max-width: 800px) 100vw, 800px\" \/><\/figure><\/div>\n\n\n<figure class=\"wp-block-gallery aligncenter has-nested-images columns-default is-cropped wp-block-gallery-1 is-layout-flex\">\n<figure class=\"wp-block-image size-large\"><img decoding=\"async\" loading=\"lazy\" width=\"1280\" height=\"1263\" data-id=\"7602\"  src=\"https:\/\/institutodelbicentenario-infd.mendoza.edu.ar\/sitio\/wp-content\/uploads\/2022\/08\/WhatsApp-Image-2022-08-19-at-6.02.22-PM-1-1.jpeg\" alt=\"\" class=\"wp-image-7602\" srcset=\"https:\/\/institutodelbicentenario-infd.mendoza.edu.ar\/sitio\/wp-content\/uploads\/2022\/08\/WhatsApp-Image-2022-08-19-at-6.02.22-PM-1-1.jpeg 1280w, https:\/\/institutodelbicentenario-infd.mendoza.edu.ar\/sitio\/wp-content\/uploads\/2022\/08\/WhatsApp-Image-2022-08-19-at-6.02.22-PM-1-1-1000x987.jpeg 1000w, https:\/\/institutodelbicentenario-infd.mendoza.edu.ar\/sitio\/wp-content\/uploads\/2022\/08\/WhatsApp-Image-2022-08-19-at-6.02.22-PM-1-1-768x758.jpeg 768w\" sizes=\"(max-width: 1280px) 100vw, 1280px\" \/><\/figure>\n\n\n\n<figure class=\"wp-block-image size-large\"><img decoding=\"async\" loading=\"lazy\" width=\"1280\" height=\"1268\" data-id=\"7603\"  src=\"https:\/\/institutodelbicentenario-infd.mendoza.edu.ar\/sitio\/wp-content\/uploads\/2022\/08\/WhatsApp-Image-2022-08-19-at-6.02.22-PM-2.jpeg\" alt=\"\" class=\"wp-image-7603\" srcset=\"https:\/\/institutodelbicentenario-infd.mendoza.edu.ar\/sitio\/wp-content\/uploads\/2022\/08\/WhatsApp-Image-2022-08-19-at-6.02.22-PM-2.jpeg 1280w, https:\/\/institutodelbicentenario-infd.mendoza.edu.ar\/sitio\/wp-content\/uploads\/2022\/08\/WhatsApp-Image-2022-08-19-at-6.02.22-PM-2-1000x991.jpeg 1000w, https:\/\/institutodelbicentenario-infd.mendoza.edu.ar\/sitio\/wp-content\/uploads\/2022\/08\/WhatsApp-Image-2022-08-19-at-6.02.22-PM-2-768x761.jpeg 768w\" sizes=\"(max-width: 1280px) 100vw, 1280px\" \/><\/figure>\n\n\n\n<figure class=\"wp-block-image size-large\"><img decoding=\"async\" loading=\"lazy\" width=\"1280\" height=\"1257\" data-id=\"7604\"  src=\"https:\/\/institutodelbicentenario-infd.mendoza.edu.ar\/sitio\/wp-content\/uploads\/2022\/08\/WhatsApp-Image-2022-08-19-at-6.02.21-PM-1-1.jpeg\" alt=\"\" class=\"wp-image-7604\" srcset=\"https:\/\/institutodelbicentenario-infd.mendoza.edu.ar\/sitio\/wp-content\/uploads\/2022\/08\/WhatsApp-Image-2022-08-19-at-6.02.21-PM-1-1.jpeg 1280w, https:\/\/institutodelbicentenario-infd.mendoza.edu.ar\/sitio\/wp-content\/uploads\/2022\/08\/WhatsApp-Image-2022-08-19-at-6.02.21-PM-1-1-1000x982.jpeg 1000w, https:\/\/institutodelbicentenario-infd.mendoza.edu.ar\/sitio\/wp-content\/uploads\/2022\/08\/WhatsApp-Image-2022-08-19-at-6.02.21-PM-1-1-768x754.jpeg 768w\" sizes=\"(max-width: 1280px) 100vw, 1280px\" \/><\/figure>\n<\/figure>\n\n\n\n<p class=\"has-text-align-center\">_____________________<\/p>\n\n\n\n<p class=\"has-text-align-center\"><span style=\"color: #3366ff;\"><strong>2019<\/strong><\/span><\/p>\n\n\n<div class=\"wp-block-image\">\n<figure class=\"aligncenter\"><img decoding=\"async\" src=\"https:\/\/institutodelbicentenario-infd.mendoza.edu.ar\/aula\/archivos\/repositorio\/\/1750\/1907\/_La_mirada_de_genero_en_las_practicas_cotidianas.jpg\" alt=\"\"\/><\/figure><\/div>\n\n\n<p>Destinatarios: Comunidad Educativa.<\/p>\n\n\n\n<p>Fechas: 23 de octubre sede Roque, 30 de octubre sede Champeau.<\/p>\n\n\n\n<p>Horario: de 19:00 a 20:30 horas.<\/p>\n\n\n\n<p>Inscripciones: por Bedel\u00eda.<\/p>\n\n\n\n<p>Vacantes: 50 cupos por charla.<\/p>\n\n\n\n<p><a href=\"#institutodelbicentenario\">#institutodelbicentenario<\/a><\/p>\n","protected":false},"excerpt":{"rendered":"<p>2022 Estimados\/as Estudiantes! Desde el Departamento de Pol\u00edticas Estudiantiles tenemos el agrado de comunicar que ahora con Progresar pueden aprender idiomas. &#x1f4da;Si sos titular de una beca Progresar, pod\u00e9s inscribirte al Programa de Formaci\u00f3n y Certificaci\u00f3n en Lenguas Extranjeras.Se puso en marcha el Programa de Formaci\u00f3n y Certificaci\u00f3n en Lenguas Extranjeras para que las y &#8230; <a title=\"Oferta de formaci\u00f3n\" class=\"read-more\" href=\"https:\/\/institutodelbicentenario-infd.mendoza.edu.ar\/sitio\/oferta-de-formacion\/\" aria-label=\"More on Oferta de formaci\u00f3n\">[+]<\/a><\/p>\n","protected":false},"author":646,"featured_media":0,"parent":0,"menu_order":0,"comment_status":"closed","ping_status":"closed","template":"","meta":[],"acf":[],"_links":{"self":[{"href":"https:\/\/institutodelbicentenario-infd.mendoza.edu.ar\/sitio\/wp-json\/wp\/v2\/pages\/2252"}],"collection":[{"href":"https:\/\/institutodelbicentenario-infd.mendoza.edu.ar\/sitio\/wp-json\/wp\/v2\/pages"}],"about":[{"href":"https:\/\/institutodelbicentenario-infd.mendoza.edu.ar\/sitio\/wp-json\/wp\/v2\/types\/page"}],"author":[{"embeddable":true,"href":"https:\/\/institutodelbicentenario-infd.mendoza.edu.ar\/sitio\/wp-json\/wp\/v2\/users\/646"}],"replies":[{"embeddable":true,"href":"https:\/\/institutodelbicentenario-infd.mendoza.edu.ar\/sitio\/wp-json\/wp\/v2\/comments?post=2252"}],"version-history":[{"count":7,"href":"https:\/\/institutodelbicentenario-infd.mendoza.edu.ar\/sitio\/wp-json\/wp\/v2\/pages\/2252\/revisions"}],"predecessor-version":[{"id":12853,"href":"https:\/\/institutodelbicentenario-infd.mendoza.edu.ar\/sitio\/wp-json\/wp\/v2\/pages\/2252\/revisions\/12853"}],"wp:attachment":[{"href":"https:\/\/institutodelbicentenario-infd.mendoza.edu.ar\/sitio\/wp-json\/wp\/v2\/media?parent=2252"}],"curies":[{"name":"wp","href":"https:\/\/api.w.org\/{rel}","templated":true}]}}