{"id":1940,"date":"2019-09-09T10:36:48","date_gmt":"2019-09-09T13:36:48","guid":{"rendered":"https:\/\/institutodelbicentenario-mza.infd.edu.ar\/sitio\/?page_id=1940"},"modified":"2026-02-02T16:04:39","modified_gmt":"2026-02-02T19:04:39","slug":"p-e-i-adc","status":"publish","type":"page","link":"https:\/\/institutodelbicentenario-infd.mendoza.edu.ar\/sitio\/p-e-i-adc\/","title":{"rendered":"P.E.I. (AdC)"},"content":{"rendered":"<p class=\"entry-title\" style=\"text-align: center;\"><strong>Profesorado en Educaci\u00f3n Inicial<\/strong><\/p>\n<p style=\"text-align: center;\"><strong>Actividades de Carrera<\/strong><\/p>\n<pre style=\"text-align: center;\"><strong>2021<\/strong><\/pre>\n<p><img decoding=\"async\" loading=\"lazy\" class=\"aligncenter\" src=\"https:\/\/institutodelbicentenario-infd.mendoza.edu.ar\/aula\/archivos\/repositorio\/\/3750\/3862\/Dia_de_los_jardines_2021-1.jpeg\" width=\"457\" height=\"668\"><\/p>\n<p><img decoding=\"async\" loading=\"lazy\" class=\"aligncenter\" src=\"https:\/\/institutodelbicentenario-infd.mendoza.edu.ar\/aula\/archivos\/repositorio\/\/3750\/3861\/Dia_de_los_jardines_2021-2.jpeg\" width=\"457\" height=\"812\"><\/p>\n<p><center><br \/>\n<div style=\"width: 640px;\" class=\"wp-video\"><!--[if lt IE 9]><script>document.createElement('video');<\/script><![endif]-->\n<video class=\"wp-video-shortcode\" id=\"video-1940-1\" width=\"640\" height=\"360\" preload=\"metadata\" controls=\"controls\"><source type=\"video\/mp4\" src=\"https:\/\/institutodelbicentenario-infd.mendoza.edu.ar\/aula\/archivos\/repositorio\/\/3750\/3863\/Dia_de_los_jardines-3.mp4?_=1\" \/><a href=\"https:\/\/institutodelbicentenario-infd.mendoza.edu.ar\/aula\/archivos\/repositorio\/\/3750\/3863\/Dia_de_los_jardines-3.mp4\">https:\/\/institutodelbicentenario-infd.mendoza.edu.ar\/aula\/archivos\/repositorio\/\/3750\/3863\/Dia_de_los_jardines-3.mp4<\/a><\/video><\/div><br \/>\n<\/center><\/p>\n<pre style=\"text-align: center;\"><strong>2020<\/strong><\/pre>\n<p style=\"text-align: center;\"><strong>COLOQUIOS<\/strong><\/p>\n<p><img decoding=\"async\" class=\"aligncenter\" src=\"https:\/\/institutodelbicentenario-infd.mendoza.edu.ar\/aula\/archivos\/repositorio\/\/2750\/2952\/PEI_COLOQUIOS_2020.png\"><\/p>\n<p style=\"text-align: center;\"><a href=\"file:\/\/\/C:\/Users\/1\/Downloads\/PEI%20COLOQUIOS%202020.pdf\">Coloquios.pdf<\/a><\/p>\n<p style=\"text-align: center;\"><strong>D\u00eda de los Jardines<\/strong><\/p>\n<p style=\"text-align: center;\">El 28 de mayo se conmemora del D\u00eda Nacional de los Jardines de Infantes y Maternales en reconocimiento a Rosario Vera Pe\u00f1aloza, activa defensora de los jardines como instituciones educativas.<\/p>\n<p><img decoding=\"async\" loading=\"lazy\" class=\"aligncenter\" src=\"https:\/\/institutodelbicentenario-infd.mendoza.edu.ar\/aula\/archivos\/repositorio\/\/2250\/2482\/Dia_de_los_jardines_2020.jpeg\" width=\"522\" height=\"380\"><\/p>\n<div style=\"width: 640px;\" class=\"wp-video\"><video class=\"wp-video-shortcode\" id=\"video-1940-2\" width=\"640\" height=\"360\" preload=\"metadata\" controls=\"controls\"><source type=\"video\/mp4\" src=\"https:\/\/institutodelbicentenario-infd.mendoza.edu.ar\/aula\/archivos\/repositorio\/\/2250\/2481\/Dia_de_los_jardines_2020.mp4?_=2\" \/><a href=\"https:\/\/institutodelbicentenario-infd.mendoza.edu.ar\/aula\/archivos\/repositorio\/\/2250\/2481\/Dia_de_los_jardines_2020.mp4\">https:\/\/institutodelbicentenario-infd.mendoza.edu.ar\/aula\/archivos\/repositorio\/\/2250\/2481\/Dia_de_los_jardines_2020.mp4<\/a><\/video><\/div>\n<p style=\"text-align: left;\">Edici\u00f3n de Video: Prof. Eugenia Gonz\u00e1lez<\/p>\n<p style=\"text-align: center;\">_____________________________________________________<\/p>\n<pre style=\"text-align: center;\"><strong>2019<\/strong><\/pre>\n<p style=\"text-align: center;\"><strong>Promoci\u00f3n 2019!!!<\/strong><\/p>\n<p style=\"text-align: center;\"><strong>Recibirse <\/strong>despu\u00e9s de presentar de manera personalizada los coloquios finales, es una instancia de verdadero aprendizaje, compromiso y responsabilidad, hacia ustedes mismas, a sus compa\u00f1eras y hacia los profesores.<\/p>\n<p style=\"text-align: center;\"><strong>\u00bfQu\u00e9 es un coloquio?<\/strong><\/p>\n<p style=\"text-align: center;\">Es poner en palabras propias una reflexi\u00f3n sobre un recorte determinado que problematizaron durante su trayectoria como estudiantes en las diferentes Pr\u00e1cticas docentes. Y a partir de ello, investigar, ampliar conocimientos, leer libros, citar autores, descubrir pensamientos, nuevas ideas y construir con sentido un texto que fundamente posibles soluciones.<\/p>\n<p style=\"text-align: center;\"><strong>Acompa\u00f1arlas en un coloquio<\/strong> es escucharlas respetuosamente, es poner en valor sus expresiones, la riqueza en el vocabulario, en la seguridad de sus propias convicciones y sobre todo, en la coherencia del sost\u00e9n te\u00f3rico \u2013pr\u00e1ctico de sus posicionamientos\u2026 siempre a favor de los ni\u00f1os\/as.<\/p>\n<p style=\"text-align: center;\"><strong>En el d\u00eda de hoy se cumplieron todas las expectativas con enorme satisfacci\u00f3n!!!<\/strong><\/p>\n<p style=\"text-align: center;\"><strong><em>Vayas a d\u00f3nde vayas, ve con todo tu coraz\u00f3n\u2026!! <\/em><\/strong><\/p>\n<p style=\"text-align: center;\"><strong><em>Trazando el camino entre el saber, saber hacer, pero fundamentalmente SABER SER!!!!<\/em><\/strong><\/p>\n<p style=\"text-align: center;\"><strong>FELICITACIONES !!<\/strong><\/p>\n<p><img decoding=\"async\" class=\"aligncenter\" src=\"https:\/\/institutodelbicentenario-infd.mendoza.edu.ar\/aula\/archivos\/repositorio\/\/1750\/1976\/Promocion_2016.jpeg\"><\/p>\n<p style=\"text-align: center;\">_____________________________________________________<\/p>\n<p style=\"text-align: center;\"><strong>La Documentaci\u00f3n Pedag\u00f3gica, una herramienta de cambio<\/strong><\/p>\n<p style=\"text-align: center;\">Estimada comunidad \u201cDel Bicentenario\u201d:<\/p>\n<p style=\"text-align: center;\">Hoy jueves 21\/11, desde las 19:30 hs., las alumnas de 4to a\u00f1o PEI presentar\u00e1n en el patio de la Sede de la Esc. Roque, la actividad denominada: \u00bb La Documentaci\u00f3n Pedag\u00f3gica, una herramienta de cambio\u00bb. Compartir\u00e1n sus experiencias de Pr\u00e1ctica Profesional Docente IV y Residencia. Una valiosa instancia de reflexi\u00f3n.<\/p>\n<p style=\"text-align: center;\">Los esperamos!!!<\/p>\n<p style=\"text-align: center;\">Afectuosamente Coord. Lic. Adriana Stoller.<\/p>\n<p><img decoding=\"async\" src=\"https:\/\/institutodelbicentenario-infd.mendoza.edu.ar\/aula\/archivos\/repositorio\/\/1750\/1959\/Pedagogica_1.jpg\"><\/p>\n<p>.<\/p>\n<p><img decoding=\"async\" src=\"https:\/\/institutodelbicentenario-infd.mendoza.edu.ar\/aula\/archivos\/repositorio\/\/1750\/1958\/Pedagogica_2.jpg\"><\/p>\n<p>.<\/p>\n<p><img decoding=\"async\" src=\"https:\/\/institutodelbicentenario-infd.mendoza.edu.ar\/aula\/archivos\/repositorio\/\/1750\/1957\/Pedagogica_3.jpg\"><\/p>\n<p style=\"text-align: center;\"><strong>_____________________________________________________&nbsp;<\/strong><\/p>\n<p style=\"text-align: center;\"><strong>MODALIDADES EN EL NIVEL INICIAL<\/strong><\/p>\n<p>La LEN \u2013 Cap. II, Art. 24, inciso b, en relaci\u00f3n a la organizaci\u00f3n de la Educaci\u00f3n Inicial establece que seg\u00fan las caracter\u00edsticas y necesidades de los contextos, se reconocen otras formas organizativas del Nivel para la atenci\u00f3n educativa de todos los ni\u00f1os\/as.<\/p>\n<p><strong>Las alumnas de 3er a\u00f1o de la carrera del Profesorado de Educaci\u00f3n Inicial \u2013PEI-<\/strong> junto a la Prof. Laura Schaab en el espacio de Pr\u00e1ctica Profesional Docente III, se interiorizaron sobre las modalidades previstas como:<strong> Educaci\u00f3n Especial, Rural, Domiciliaria y Hospitalaria, en Contextos de Privaci\u00f3n de libertad e intercultural Biling\u00fce.<\/strong><\/p>\n<p>Deseamos compartir, en esta oportunidad, lo que un grupo profundiz\u00f3 sobre una modalidad en particular, a trav\u00e9s de entrevista y concretar un encuentro con los profesionales dedicados a dicha tarea:<\/p>\n<p style=\"text-align: center;\"><strong>Educaci\u00f3n en contextos de Privaci\u00f3n<\/strong><strong>&nbsp;de libertad<\/strong><\/p>\n<p>Las alumnas de 3er y 4to a\u00f1o, recibieron el d\u00eda jueves 14 de noviembre de 2019 en la sede \u201cRoque S. Pe\u00f1a\u201d&nbsp;del Instituto Superior de Formaci\u00f3n Docente y T\u00e9cnica N\u00ba 9-030 \u00abDel Bicentenario\u00bb, la visita de las <strong>Profesoras de Educaci\u00f3n Inicial Gisela Ferrando, auxiliar Gisela Bardini, y en articulaci\u00f3n con DGE Gabriela Andino, representantes de la Modalidad educativa en Contextos de privaci\u00f3n de la libertad,<\/strong> con motivos de informarnos sobre la educaci\u00f3n en contextos de encierro.<\/p>\n<p><img decoding=\"async\" class=\"aligncenter\" src=\"https:\/\/institutodelbicentenario-infd.mendoza.edu.ar\/aula\/archivos\/repositorio\/\/1750\/1956\/Ed_en_cont_de_Privacion.png\"><\/p>\n<p>La misma, es una modalidad educativa que se realiza dentro de las <a href=\"https:\/\/es.wikipedia.org\/wiki\/Penitenciar%C3%ADa\">penitenciar\u00edas<\/a>, institutos de menores y centros de atenci\u00f3n de adicciones de r\u00e9gimen cerrado, en el marco de garantizar los <a href=\"https:\/\/es.wikipedia.org\/wiki\/Derechos_humanos\">derechos humanos<\/a> de las personas, m\u00e1s all\u00e1 de la condici\u00f3n judicial en la que se encuentre.<\/p>\n<p>El <strong>RAM, es un R\u00e9gimen abierto de mujeres<\/strong>, que provienen de la Unidad III del Borboll\u00f3n, en donde cumplen su \u00faltima etapa de condena, y se las llama mujeres de beneficio para reinsertarse en la sociedad. Este mismo espacio se comparte con las madres que est\u00e1n con sus ni\u00f1os, estas mam\u00e1s no tienen r\u00e9gimen abierto, ellas tienen condenas largas o cortas. Es aqu\u00ed donde funciona el jard\u00edn.<\/p>\n<p>En el caso de <a href=\"https:\/\/es.wikipedia.org\/wiki\/Argentina\">Argentina<\/a>, la normativa legal establece que la educaci\u00f3n en contextos de encierro constituye una modalidad del sistema educativo; es decir, una opci\u00f3n organizativa o curricular de la educaci\u00f3n com\u00fan, dentro de uno o m\u00e1s niveles educativos, que procura dar respuesta a requerimientos espec\u00edficos de formaci\u00f3n y atender particularidades de car\u00e1cter permanente o temporal, personales o contextuales, con <strong>el prop\u00f3sito de garantizar la igualdad en el derecho a la educaci\u00f3n y cumplir con las exigencias legales, t\u00e9cnicas y pedag\u00f3gicas de los diferentes niveles educativos.<\/strong><\/p>\n<p>Los sistemas educativos jurisdiccionales ofrecen atenci\u00f3n educativa de Nivel Inicial a los ni\u00f1os\/as de 45 d\u00edas a 4 a\u00f1os, a trav\u00e9s de Jardines Maternales o de Infantes brind\u00e1ndoles actividades recreativas tanto afuera como adentro de las unidades penitenciarias, como por ejemplo, AVOME.<\/p>\n<p><img decoding=\"async\" class=\"aligncenter\" src=\"https:\/\/institutodelbicentenario-infd.mendoza.edu.ar\/aula\/archivos\/repositorio\/\/1750\/1955\/Ed_en_cont_de_Privacion1.png\"><\/p>\n<p style=\"text-align: center;\"><strong>FELICITACIONES A LAS ALUMNAS de 3er a\u00f1o, por su nivel de compromiso y responsabilidad!!!<\/strong><\/p>\n<p style=\"text-align: center;\"><strong>Como tambi\u00e9n la excelente disponibilidad de las Profesoras Gisela Ferrando, Gisela Bardini y Gabriela Andino, por dedicarnos su tiempo, en compartir sus vivencias y experiencias enriquecedoras que promueven la formaci\u00f3n integral y desarrollo pleno de cada uno de los ni\u00f1os que transitan por ese contexto, acompa\u00f1ados y sostenidos desde un fuerte v\u00ednculo afectivo\u2026. <\/strong><\/p>\n<p style=\"text-align: center;\"><strong>MUCHAS GRACIAS!!!!<\/strong><\/p>\n<p style=\"text-align: center;\">Coord. PEI &#8211; Prof. Stoller, Adriana<\/p>\n<p style=\"text-align: center;\">_____________________________________________________<\/p>\n<h2 style=\"text-align: center;\"><b>Salida educativa<\/b><img decoding=\"async\" loading=\"lazy\" class=\"aligncenter\" src=\"https:\/\/institutodelbicentenario-infd.mendoza.edu.ar\/aula\/archivos\/repositorio\/\/1750\/1860\/190909-P.E.I._Salida_Educativa-1.png\" width=\"397\" height=\"397\"><\/h2>\n<p style=\"text-align: center;\"><strong><em>EXPERIENCIAS DE SENSIBILIZACI\u00d3N hacia lo literario, lo art\u00edstico y lo comunicacional<\/em><\/strong><\/p>\n<p style=\"text-align: center;\">D\u00eda: Viernes 6\/9:<\/p>\n<p><strong><img decoding=\"async\" loading=\"lazy\" class=\"aligncenter\" src=\"https:\/\/institutodelbicentenario-infd.mendoza.edu.ar\/aula\/archivos\/repositorio\/\/1750\/1861\/190909-P.E.I._Salida_Educativa-2.png\" width=\"332\" height=\"332\">&nbsp; &nbsp; &nbsp;&nbsp;<\/strong><\/p>\n<p><strong>FERIA DEL LIBRO 2019, en el Espacio Cultural Julio Le Parc, donde hubo presentaciones de libros, charlas, talleres, espect\u00e1culos musicales y teatrales.<\/strong><\/p>\n<p><strong>Prop\u00f3sitos:<\/strong><\/p>\n<ul>\n<li>Hacer part\u00edcipes a las estudiantes de la cultura, inici\u00e1ndolas en el camino por diferentes manifestaciones para enriquecer sus aprendizajes desde otros \u00e1mbitos y variando sus experiencias<\/li>\n<li>Entramar las propias experiencias con las reflexiones que aspiren a dialogar con la propia sensibilidad del estudiante e invitarlo a encarar con creatividad y apertura su propia practica<\/li>\n<\/ul>\n<p><strong>Objetivos:<\/strong><\/p>\n<ul>\n<li>Conocer el espacio de Le Parc, interesarse por su creaci\u00f3n, realizar preguntas y recorrer sus diferentes stands<\/li>\n<li>Apreciar y sensibilizarse por los lenguajes y experiencias est\u00e9ticas, literarias y sus posibilidades expresivas y comunicativas<\/li>\n<li>Vivenciar pr\u00e1cticas de lenguaje en tanto acciones espec\u00edficas que se ejercen con los textos literarios y otros libros referidos al Nivel, desarrollando la sensibilizaci\u00f3n, las actitudes, emociones, sentimientos que conmueven al escuchar la narraci\u00f3n de cuentos, las charlas informativas y la exploraci\u00f3n de los textos.<\/li>\n<\/ul>\n<p>La visita al espacio Le Parc se nos present\u00f3 como un gran mapa con caminos para conocer, descubrir, sensibilizarnos, comunicar y conmovernos, desde la participaci\u00f3n, la imaginaci\u00f3n, la exploraci\u00f3n desde el seno de vivenciar experiencias diferentes, que nos motiven a realizar nuevas preguntas, nos inviten a recorrer y desplazarnos creativa y simb\u00f3licamente, desde otros lugares.<\/p>\n<p>El Espacio Cultural lleva el nombre del artista pl\u00e1stico mendocino Julio Le Parc y fue inaugurado en 2012, con la intenci\u00f3n de generar y revalorizar el patrimonio cultural, art\u00edstico, simb\u00f3lico y material de la provincia.<\/p>\n<p>Las alumnas pudieron disfrutar del <strong>Taller de narraci\u00f3n de cuentos<\/strong>, con el cuentista Pedro Contreras.<\/p>\n<p>De la <strong>charla informativa sobre Inclusi\u00f3n<\/strong> que ofreci\u00f3 el Instituto EINNO que brinda educaci\u00f3n integral del ni\u00f1o no oyente. Y finalmente, en la Instituci\u00f3n Del Bicentenario, se motivar\u00e1 a entrar al plano de la interpretaci\u00f3n, de la construcci\u00f3n de sentidos, de vivencias y de poner en palabras: \u00bfQu\u00e9 emociones nos suscit\u00f3? \u00bfQu\u00e9 nos hizo imaginar? Y a partir de la charla particular que asistieron: \u00bfQu\u00e9 nos replanteamos con el tema de la inclusi\u00f3n? \u00bfQu\u00e9 nueva mirada y desaf\u00edos se plantear\u00e1n frente a estas realidades?<\/p>\n<p>Y tambi\u00e9n, pudieron participar <strong>acerca de los susurradores<\/strong>\u2026 mediante el susurro de una acci\u00f3n po\u00e9tica, que invit\u00f3 al encuentro, a detenerse, a escuchar, a disfrutar de la palabra. El mismo, hace posible reconocerse en el otro desde la emoci\u00f3n, la sorpresa, el juego.<\/p>\n<p>Tener la oportunidad de detenerse y disfrutar de un momento \u00fanico, individual en donde hay un regalo para quien quiera poner el o\u00eddo.<\/p>\n<p>Descubrir otros modos de acercarnos a la poes\u00eda es la oportunidad de pensar otros modos de ofrecerla a los ni\u00f1os.<\/p>\n<p>Dicha salida nos llev\u00f3 a reflexionar sobre c\u00f3mo deconstruir y construir nuevos universos de significados y pr\u00e1cticas cotidianas&nbsp; con respecto a qu\u00e9 significa disfrutar y aprender de estas experiencias est\u00e9ticas integrales.<\/p>\n<p><img decoding=\"async\" class=\"aligncenter\" src=\"https:\/\/institutodelbicentenario-infd.mendoza.edu.ar\/aula\/archivos\/repositorio\/\/1750\/1858\/190909-P.E.I._Salida_Educativa-3.png\"><\/p>\n<p>&nbsp;<\/p>\n","protected":false},"excerpt":{"rendered":"<p>Profesorado en Educaci\u00f3n Inicial Actividades de Carrera 2021 https:\/\/institutodelbicentenario-infd.mendoza.edu.ar\/aula\/archivos\/repositorio\/\/3750\/3863\/Dia_de_los_jardines-3.mp4 2020 COLOQUIOS Coloquios.pdf D\u00eda de los Jardines El 28 de mayo se conmemora del D\u00eda Nacional de los Jardines de Infantes y Maternales en reconocimiento a Rosario Vera Pe\u00f1aloza, activa defensora de los jardines como instituciones educativas. https:\/\/institutodelbicentenario-infd.mendoza.edu.ar\/aula\/archivos\/repositorio\/\/2250\/2481\/Dia_de_los_jardines_2020.mp4 Edici\u00f3n de Video: Prof. Eugenia Gonz\u00e1lez _____________________________________________________ 2019 &#8230; <a title=\"P.E.I. (AdC)\" class=\"read-more\" href=\"https:\/\/institutodelbicentenario-infd.mendoza.edu.ar\/sitio\/p-e-i-adc\/\" aria-label=\"More on P.E.I. (AdC)\">[+]<\/a><\/p>\n","protected":false},"author":646,"featured_media":0,"parent":0,"menu_order":0,"comment_status":"closed","ping_status":"closed","template":"","meta":[],"acf":[],"_links":{"self":[{"href":"https:\/\/institutodelbicentenario-infd.mendoza.edu.ar\/sitio\/wp-json\/wp\/v2\/pages\/1940"}],"collection":[{"href":"https:\/\/institutodelbicentenario-infd.mendoza.edu.ar\/sitio\/wp-json\/wp\/v2\/pages"}],"about":[{"href":"https:\/\/institutodelbicentenario-infd.mendoza.edu.ar\/sitio\/wp-json\/wp\/v2\/types\/page"}],"author":[{"embeddable":true,"href":"https:\/\/institutodelbicentenario-infd.mendoza.edu.ar\/sitio\/wp-json\/wp\/v2\/users\/646"}],"replies":[{"embeddable":true,"href":"https:\/\/institutodelbicentenario-infd.mendoza.edu.ar\/sitio\/wp-json\/wp\/v2\/comments?post=1940"}],"version-history":[{"count":41,"href":"https:\/\/institutodelbicentenario-infd.mendoza.edu.ar\/sitio\/wp-json\/wp\/v2\/pages\/1940\/revisions"}],"predecessor-version":[{"id":12916,"href":"https:\/\/institutodelbicentenario-infd.mendoza.edu.ar\/sitio\/wp-json\/wp\/v2\/pages\/1940\/revisions\/12916"}],"wp:attachment":[{"href":"https:\/\/institutodelbicentenario-infd.mendoza.edu.ar\/sitio\/wp-json\/wp\/v2\/media?parent=1940"}],"curies":[{"name":"wp","href":"https:\/\/api.w.org\/{rel}","templated":true}]}}