{"id":11819,"date":"2025-05-15T13:45:10","date_gmt":"2025-05-15T16:45:10","guid":{"rendered":"https:\/\/institutodelbicentenario-infd.mendoza.edu.ar\/sitio\/?page_id=11819"},"modified":"2026-02-02T15:57:34","modified_gmt":"2026-02-02T18:57:34","slug":"textos-academicos","status":"publish","type":"page","link":"https:\/\/institutodelbicentenario-infd.mendoza.edu.ar\/sitio\/textos-academicos\/","title":{"rendered":"textosacademicos"},"content":{"rendered":"<div class=\"wp-block-image\">\n<figure class=\"aligncenter size-full is-resized\"><img decoding=\"async\" loading=\"lazy\" src=\"https:\/\/institutodelbicentenario-infd.mendoza.edu.ar\/sitio\/wp-content\/uploads\/2025\/06\/Actualizacion-academica-5-1.png\" alt=\"\" class=\"wp-image-11964\" width=\"351\" height=\"351\" srcset=\"https:\/\/institutodelbicentenario-infd.mendoza.edu.ar\/sitio\/wp-content\/uploads\/2025\/06\/Actualizacion-academica-5-1.png 1080w, https:\/\/institutodelbicentenario-infd.mendoza.edu.ar\/sitio\/wp-content\/uploads\/2025\/06\/Actualizacion-academica-5-1-1000x1000.png 1000w, https:\/\/institutodelbicentenario-infd.mendoza.edu.ar\/sitio\/wp-content\/uploads\/2025\/06\/Actualizacion-academica-5-1-500x500.png 500w, https:\/\/institutodelbicentenario-infd.mendoza.edu.ar\/sitio\/wp-content\/uploads\/2025\/06\/Actualizacion-academica-5-1-768x768.png 768w\" sizes=\"(max-width: 351px) 100vw, 351px\" \/><\/figure><\/div>\n\n\n<p class=\"has-text-align-center\"><strong>INSCRIPCIONES 2025 CERRADAS<\/strong><\/p>\n\n\n\n<p><strong>POST\u00cdTULO DOCENTE: \u201cDid\u00e1ctica de la comprensi\u00f3n y de la producci\u00f3n de textos acad\u00e9micos: un enfoque pr\u00e1ctico con TIC. Cognici\u00f3n y retroalimentaci\u00f3n\u201d<\/strong><\/p>\n\n\n\n<p class=\"has-text-align-center\">Informes e inscripciones: <a rel=\"noreferrer noopener\" href=\"https:\/\/forms.gle\/vQUWDwQx8KJvaCHP7\" target=\"_blank\">https:\/\/forms.gle\/vQUWDwQx8KJvaCHP7<\/a><\/p>\n\n\n\n<p class=\"has-text-align-center\">Contacto: <a rel=\"noreferrer noopener\" href=\"mailto:9030formacioncontinua@gmail.com\" target=\"_blank\">9030formacioncontinua@gmail.com<\/a><\/p>\n\n\n\n<p class=\"has-text-align-center\">Resoluci\u00f3n provincial: <a rel=\"noreferrer noopener\" href=\"https:\/\/institutodelbicentenario-infd.mendoza.edu.ar\/sitio\/wp-content\/uploads\/2025\/05\/RESOL-2024-6382-E-GDEMZA-DGE.pdf\" target=\"_blank\">RESOL-2024-4516-E-GDEMZA-DGE<\/a><\/p>\n\n\n\n<p class=\"has-text-align-center\">Anexo de Resoluci\u00f3n provincial: <a rel=\"noreferrer noopener\" href=\"https:\/\/institutodelbicentenario-infd.mendoza.edu.ar\/sitio\/wp-content\/uploads\/2025\/05\/ANEXO-I-POSTITULO-.pdf\" target=\"_blank\">ANEXO I POSTITULO<\/a><\/p>\n\n\n\n<p class=\"has-text-align-center\">Cronograma de cursado: <a rel=\"noreferrer noopener\" href=\"https:\/\/institutodelbicentenario-infd.mendoza.edu.ar\/sitio\/wp-content\/uploads\/2025\/06\/ACTUALIZACION-Cronogr-def.pdf\" target=\"_blank\">ACTUALIZACION-Cronogr-def.pdf<\/a><\/p>\n\n\n\n<p class=\"has-text-align-center\">Lugar de cursado de encuentros presenciales:<a rel=\"noreferrer noopener\" href=\"https:\/\/institutodelbicentenario-infd.mendoza.edu.ar\/sitio\/ubicacion\/\" data-type=\"URL\" data-id=\"https:\/\/institutodelbicentenario-infd.mendoza.edu.ar\/sitio\/ubicacion\/\" target=\"_blank\"> Sede Central<\/a><\/p>\n\n\n\n<p class=\"has-text-align-center\"><a rel=\"noreferrer noopener\" href=\"https:\/\/institutodelbicentenario-infd.mendoza.edu.ar\/sitio\/formacion-continua\/\" target=\"_blank\"><strong>Jefatura de Formaci\u00f3n Continua<\/strong><\/a><\/p>\n\n\n\n<p class=\"has-text-align-center\"><a href=\"https:\/\/www.facebook.com\/hashtag\/isfdyt9030?__eep__=6&amp;__cft__%5b0%5d=AZUAeS2qce_O__6ax4kGqAHbwvxa_6RmNTOc3B8Gz8JEBOUO-S0BKSt6r7jSxIPjJiGjJfpxX5yHEn3zYOwL7s8VoNgtSv43O_a5bq-Sti_8MmbUwfbmDs1Skukl7lDnDrE&amp;__tn__=*NK-R\">#isfdyt9030<\/a><\/p>\n\n\n\n<p class=\"has-text-align-center\"><a href=\"https:\/\/www.facebook.com\/hashtag\/institutodelbicentenario?__eep__=6&amp;__cft__%5b0%5d=AZUAeS2qce_O__6ax4kGqAHbwvxa_6RmNTOc3B8Gz8JEBOUO-S0BKSt6r7jSxIPjJiGjJfpxX5yHEn3zYOwL7s8VoNgtSv43O_a5bq-Sti_8MmbUwfbmDs1Skukl7lDnDrE&amp;__tn__=*NK-R\">#institutodelbicentenario<\/a><\/p>\n\n\n\n<p class=\"has-text-align-center\"><a href=\"https:\/\/www.facebook.com\/hashtag\/educacionsuperior?__eep__=6&amp;__cft__%5b0%5d=AZUAeS2qce_O__6ax4kGqAHbwvxa_6RmNTOc3B8Gz8JEBOUO-S0BKSt6r7jSxIPjJiGjJfpxX5yHEn3zYOwL7s8VoNgtSv43O_a5bq-Sti_8MmbUwfbmDs1Skukl7lDnDrE&amp;__tn__=*NK-R\">#educacionsuperior<\/a><\/p>\n\n\n\n<p class=\"has-text-align-center\"><a href=\"https:\/\/www.facebook.com\/hashtag\/somoseducaci%C3%B3nsuperior?__eep__=6&amp;__cft__[0]=AZWXeYGKvRGpc2EUc9_2HUB56pQRQxwNi_EwogXjY14uDUOkUXaPNoQ2NfioHuyrGkBwSWyo5yZ7mWSlmzJ5APcpKfhDVsk8F5HTE5IAAzt6G3WsRaymNtXHZXmCymGnHHcMzcvxxkRNv5aiZWoCF7jT3S8bwA3qcbMBLSOW206gQkki6jo4nubj3ZuZRYgOzIs&amp;__tn__=*NK-R\">#SomosEducaci\u00f3nSuperior<\/a><\/p>\n","protected":false},"excerpt":{"rendered":"<p>INSCRIPCIONES 2025 CERRADAS POST\u00cdTULO DOCENTE: \u201cDid\u00e1ctica de la comprensi\u00f3n y de la producci\u00f3n de textos acad\u00e9micos: un enfoque pr\u00e1ctico con TIC. Cognici\u00f3n y retroalimentaci\u00f3n\u201d Informes e inscripciones: https:\/\/forms.gle\/vQUWDwQx8KJvaCHP7 Contacto: 9030formacioncontinua@gmail.com Resoluci\u00f3n provincial: RESOL-2024-4516-E-GDEMZA-DGE Anexo de Resoluci\u00f3n provincial: ANEXO I POSTITULO Cronograma de cursado: ACTUALIZACION-Cronogr-def.pdf Lugar de cursado de encuentros presenciales: Sede Central Jefatura de Formaci\u00f3n &#8230; <a title=\"textosacademicos\" class=\"read-more\" href=\"https:\/\/institutodelbicentenario-infd.mendoza.edu.ar\/sitio\/textos-academicos\/\" aria-label=\"More on textosacademicos\">[+]<\/a><\/p>\n","protected":false},"author":646,"featured_media":0,"parent":0,"menu_order":0,"comment_status":"closed","ping_status":"closed","template":"","meta":[],"acf":[],"_links":{"self":[{"href":"https:\/\/institutodelbicentenario-infd.mendoza.edu.ar\/sitio\/wp-json\/wp\/v2\/pages\/11819"}],"collection":[{"href":"https:\/\/institutodelbicentenario-infd.mendoza.edu.ar\/sitio\/wp-json\/wp\/v2\/pages"}],"about":[{"href":"https:\/\/institutodelbicentenario-infd.mendoza.edu.ar\/sitio\/wp-json\/wp\/v2\/types\/page"}],"author":[{"embeddable":true,"href":"https:\/\/institutodelbicentenario-infd.mendoza.edu.ar\/sitio\/wp-json\/wp\/v2\/users\/646"}],"replies":[{"embeddable":true,"href":"https:\/\/institutodelbicentenario-infd.mendoza.edu.ar\/sitio\/wp-json\/wp\/v2\/comments?post=11819"}],"version-history":[{"count":28,"href":"https:\/\/institutodelbicentenario-infd.mendoza.edu.ar\/sitio\/wp-json\/wp\/v2\/pages\/11819\/revisions"}],"predecessor-version":[{"id":12887,"href":"https:\/\/institutodelbicentenario-infd.mendoza.edu.ar\/sitio\/wp-json\/wp\/v2\/pages\/11819\/revisions\/12887"}],"wp:attachment":[{"href":"https:\/\/institutodelbicentenario-infd.mendoza.edu.ar\/sitio\/wp-json\/wp\/v2\/media?parent=11819"}],"curies":[{"name":"wp","href":"https:\/\/api.w.org\/{rel}","templated":true}]}}