{"id":10245,"date":"2024-03-19T08:48:50","date_gmt":"2024-03-19T11:48:50","guid":{"rendered":"https:\/\/institutodelbicentenario-infd.mendoza.edu.ar\/sitio\/?page_id=10245"},"modified":"2026-04-26T19:02:00","modified_gmt":"2026-04-26T22:02:00","slug":"perspectiva-de-genero","status":"publish","type":"page","link":"https:\/\/institutodelbicentenario-infd.mendoza.edu.ar\/sitio\/perspectiva-de-genero\/","title":{"rendered":"Perspectiva de G\u00e9nero"},"content":{"rendered":"<div class=\"wp-block-image\">\n<figure class=\"aligncenter size-full is-resized\"><img decoding=\"async\" loading=\"lazy\" src=\"https:\/\/institutodelbicentenario-infd.mendoza.edu.ar\/sitio\/wp-content\/uploads\/2026\/04\/ESI-Cerradas.png\" alt=\"\" class=\"wp-image-13433\" width=\"405\" height=\"405\" srcset=\"https:\/\/institutodelbicentenario-infd.mendoza.edu.ar\/sitio\/wp-content\/uploads\/2026\/04\/ESI-Cerradas.png 1080w, https:\/\/institutodelbicentenario-infd.mendoza.edu.ar\/sitio\/wp-content\/uploads\/2026\/04\/ESI-Cerradas-1000x1000.png 1000w, https:\/\/institutodelbicentenario-infd.mendoza.edu.ar\/sitio\/wp-content\/uploads\/2026\/04\/ESI-Cerradas-500x500.png 500w, https:\/\/institutodelbicentenario-infd.mendoza.edu.ar\/sitio\/wp-content\/uploads\/2026\/04\/ESI-Cerradas-768x768.png 768w\" sizes=\"(max-width: 405px) 100vw, 405px\" \/><\/figure><\/div>\n\n\n<p class=\"has-text-align-center\"><strong>INSCRIPCIONES 2026 CERRADAS<\/strong><\/p>\n\n\n\n<p class=\"has-text-align-center\">Informaci\u00f3n de carga horaria, Modalidad, Requisitos, costos, medios de pago e inscripci\u00f3n&#x1f447;:<\/p>\n\n\n\n<p class=\"has-text-align-center\"><a href=\"https:\/\/forms.gle\/Qah8BDKbpoWJpoVW7\" target=\"_blank\" rel=\"noreferrer noopener\">https:\/\/forms.gle\/Qah8BDKbpoWJpoVW7<\/a><\/p>\n\n\n\n<p class=\"has-text-align-center\">Contacto&#x1f447;:<\/p>\n\n\n\n<p class=\"has-text-align-center\"><a href=\"mailto:9030formacioncontinua@gmail.com\" target=\"_blank\" rel=\"noreferrer noopener\">9030formacioncontinua@gmail.com<\/a><\/p>\n\n\n\n<p class=\"has-text-align-center\">Acta de resoluci\u00f3n del post\u00edtulo con validez nacional: <a rel=\"noreferrer noopener\" href=\"https:\/\/institutodelbicentenario-infd.mendoza.edu.ar\/sitio\/wp-content\/uploads\/2024\/07\/Res.N%C2%B0-2937-2023-Act.-Acade%CC%81mica-ESI-y-Perpectiva-Ge%CC%81nero.pdf\" target=\"_blank\">Res.N\u00b0 2937-2023.pdf<\/a><\/p>\n\n\n\n<p class=\"has-text-align-center\">Resoluci\u00f3n provincial: <a rel=\"noreferrer noopener\" href=\"https:\/\/institutodelbicentenario-infd.mendoza.edu.ar\/sitio\/wp-content\/uploads\/2024\/08\/RS-2024-06063737-GDEMZA-DGE-Resol.-4605.pdf\" target=\"_blank\">RS-2024-06063737-GDEMZA<\/a><\/p>\n\n\n\n<p class=\"has-text-align-center\">Anexo: <a rel=\"noreferrer noopener\" href=\"https:\/\/institutodelbicentenario-infd.mendoza.edu.ar\/aula\/archivos\/repositorio\/\/8750\/8882\/RESOL_ACT._ESI_2024_Y_ANEXO.pdf\" target=\"_blank\">RESOL ACT. ESI. 2024 Y ANEXO.pdf<\/a><\/p>\n\n\n\n<p class=\"has-text-align-center\"><a rel=\"noreferrer noopener\" href=\"https:\/\/institutodelbicentenario-infd.mendoza.edu.ar\/sitio\/formacion-continua\/\" target=\"_blank\"><strong>Jefatura de Formaci\u00f3n Continua<\/strong><\/a><\/p>\n\n\n\n<p class=\"has-text-align-center\"><a href=\"https:\/\/www.facebook.com\/hashtag\/isfdyt9030?__eep__=6&amp;__cft__%5b0%5d=AZUAeS2qce_O__6ax4kGqAHbwvxa_6RmNTOc3B8Gz8JEBOUO-S0BKSt6r7jSxIPjJiGjJfpxX5yHEn3zYOwL7s8VoNgtSv43O_a5bq-Sti_8MmbUwfbmDs1Skukl7lDnDrE&amp;__tn__=*NK-R\">#isfdyt9030<\/a><\/p>\n\n\n\n<p class=\"has-text-align-center\"><a href=\"https:\/\/www.facebook.com\/hashtag\/institutodelbicentenario?__eep__=6&amp;__cft__%5b0%5d=AZUAeS2qce_O__6ax4kGqAHbwvxa_6RmNTOc3B8Gz8JEBOUO-S0BKSt6r7jSxIPjJiGjJfpxX5yHEn3zYOwL7s8VoNgtSv43O_a5bq-Sti_8MmbUwfbmDs1Skukl7lDnDrE&amp;__tn__=*NK-R\">#institutodelbicentenario<\/a><\/p>\n\n\n\n<p class=\"has-text-align-center\"><a href=\"https:\/\/www.facebook.com\/hashtag\/educacionsuperior?__eep__=6&amp;__cft__%5b0%5d=AZUAeS2qce_O__6ax4kGqAHbwvxa_6RmNTOc3B8Gz8JEBOUO-S0BKSt6r7jSxIPjJiGjJfpxX5yHEn3zYOwL7s8VoNgtSv43O_a5bq-Sti_8MmbUwfbmDs1Skukl7lDnDrE&amp;__tn__=*NK-R\">#educacionsuperior<\/a><\/p>\n\n\n\n<p class=\"has-text-align-center\"><a href=\"https:\/\/www.facebook.com\/hashtag\/somoseducaci%C3%B3nsuperior?__eep__=6&amp;__cft__[0]=AZWXeYGKvRGpc2EUc9_2HUB56pQRQxwNi_EwogXjY14uDUOkUXaPNoQ2NfioHuyrGkBwSWyo5yZ7mWSlmzJ5APcpKfhDVsk8F5HTE5IAAzt6G3WsRaymNtXHZXmCymGnHHcMzcvxxkRNv5aiZWoCF7jT3S8bwA3qcbMBLSOW206gQkki6jo4nubj3ZuZRYgOzIs&amp;__tn__=*NK-R\">#SomosEducaci\u00f3nSuperior<\/a><\/p>\n","protected":false},"excerpt":{"rendered":"<p>INSCRIPCIONES 2026 CERRADAS Informaci\u00f3n de carga horaria, Modalidad, Requisitos, costos, medios de pago e inscripci\u00f3n&#x1f447;: https:\/\/forms.gle\/Qah8BDKbpoWJpoVW7 Contacto&#x1f447;: 9030formacioncontinua@gmail.com Acta de resoluci\u00f3n del post\u00edtulo con validez nacional: Res.N\u00b0 2937-2023.pdf Resoluci\u00f3n provincial: RS-2024-06063737-GDEMZA Anexo: RESOL ACT. ESI. 2024 Y ANEXO.pdf Jefatura de Formaci\u00f3n Continua #isfdyt9030 #institutodelbicentenario #educacionsuperior #SomosEducaci\u00f3nSuperior<\/p>\n","protected":false},"author":646,"featured_media":0,"parent":0,"menu_order":0,"comment_status":"closed","ping_status":"closed","template":"","meta":[],"acf":[],"_links":{"self":[{"href":"https:\/\/institutodelbicentenario-infd.mendoza.edu.ar\/sitio\/wp-json\/wp\/v2\/pages\/10245"}],"collection":[{"href":"https:\/\/institutodelbicentenario-infd.mendoza.edu.ar\/sitio\/wp-json\/wp\/v2\/pages"}],"about":[{"href":"https:\/\/institutodelbicentenario-infd.mendoza.edu.ar\/sitio\/wp-json\/wp\/v2\/types\/page"}],"author":[{"embeddable":true,"href":"https:\/\/institutodelbicentenario-infd.mendoza.edu.ar\/sitio\/wp-json\/wp\/v2\/users\/646"}],"replies":[{"embeddable":true,"href":"https:\/\/institutodelbicentenario-infd.mendoza.edu.ar\/sitio\/wp-json\/wp\/v2\/comments?post=10245"}],"version-history":[{"count":80,"href":"https:\/\/institutodelbicentenario-infd.mendoza.edu.ar\/sitio\/wp-json\/wp\/v2\/pages\/10245\/revisions"}],"predecessor-version":[{"id":13436,"href":"https:\/\/institutodelbicentenario-infd.mendoza.edu.ar\/sitio\/wp-json\/wp\/v2\/pages\/10245\/revisions\/13436"}],"wp:attachment":[{"href":"https:\/\/institutodelbicentenario-infd.mendoza.edu.ar\/sitio\/wp-json\/wp\/v2\/media?parent=10245"}],"curies":[{"name":"wp","href":"https:\/\/api.w.org\/{rel}","templated":true}]}}

Perspectiva de Género

<div class="wp-block-image">
<figure class="aligncenter size-full is-resized"><img decoding="async" loading="lazy" src="https://institutodelbicentenario-infd.mendoza.edu.ar/sitio/wp-content/uploads/2026/04/ESI-Cerradas.png" alt="" class="wp-image-13433" width="405" height="405" srcset="https://institutodelbicentenario-infd.mendoza.edu.ar/sitio/wp-content/uploads/2026/04/ESI-Cerradas.png 1080w, https://institutodelbicentenario-infd.mendoza.edu.ar/sitio/wp-content/uploads/2026/04/ESI-Cerradas-1000x1000.png 1000w, https://institutodelbicentenario-infd.mendoza.edu.ar/sitio/wp-content/uploads/2026/04/ESI-Cerradas-500x500.png 500w, https://institutodelbicentenario-infd.mendoza.edu.ar/sitio/wp-content/uploads/2026/04/ESI-Cerradas-768x768.png 768w" sizes="(max-width: 405px) 100vw, 405px" /></figure></div>


<p class="has-text-align-center"><strong>INSCRIPCIONES 2026 CERRADAS</strong></p>



<p class="has-text-align-center">Información de carga horaria, Modalidad, Requisitos, costos, medios de pago e inscripción&#x1f447;:</p>



<p class="has-text-align-center"><a href="https://forms.gle/Qah8BDKbpoWJpoVW7" target="_blank" rel="noreferrer noopener">https://forms.gle/Qah8BDKbpoWJpoVW7</a></p>



<p class="has-text-align-center">Contacto&#x1f447;:</p>



<p class="has-text-align-center"><a href="mailto:9030formacioncontinua@gmail.com" target="_blank" rel="noreferrer noopener">9030formacioncontinua@gmail.com</a></p>



<p class="has-text-align-center">Acta de resolución del postítulo con validez nacional: <a rel="noreferrer noopener" href="https://institutodelbicentenario-infd.mendoza.edu.ar/sitio/wp-content/uploads/2024/07/Res.N%C2%B0-2937-2023-Act.-Acade%CC%81mica-ESI-y-Perpectiva-Ge%CC%81nero.pdf" target="_blank">Res.N° 2937-2023.pdf</a></p>



<p class="has-text-align-center">Resolución provincial: <a rel="noreferrer noopener" href="https://institutodelbicentenario-infd.mendoza.edu.ar/sitio/wp-content/uploads/2024/08/RS-2024-06063737-GDEMZA-DGE-Resol.-4605.pdf" target="_blank">RS-2024-06063737-GDEMZA</a></p>



<p class="has-text-align-center">Anexo: <a rel="noreferrer noopener" href="https://institutodelbicentenario-infd.mendoza.edu.ar/aula/archivos/repositorio//8750/8882/RESOL_ACT._ESI_2024_Y_ANEXO.pdf" target="_blank">RESOL ACT. ESI. 2024 Y ANEXO.pdf</a></p>



<p class="has-text-align-center"><a rel="noreferrer noopener" href="https://institutodelbicentenario-infd.mendoza.edu.ar/sitio/formacion-continua/" target="_blank"><strong>Jefatura de Formación Continua</strong></a></p>



<p class="has-text-align-center"><a href="https://www.facebook.com/hashtag/isfdyt9030?__eep__=6&amp;__cft__%5b0%5d=AZUAeS2qce_O__6ax4kGqAHbwvxa_6RmNTOc3B8Gz8JEBOUO-S0BKSt6r7jSxIPjJiGjJfpxX5yHEn3zYOwL7s8VoNgtSv43O_a5bq-Sti_8MmbUwfbmDs1Skukl7lDnDrE&amp;__tn__=*NK-R">#isfdyt9030</a></p>



<p class="has-text-align-center"><a href="https://www.facebook.com/hashtag/institutodelbicentenario?__eep__=6&amp;__cft__%5b0%5d=AZUAeS2qce_O__6ax4kGqAHbwvxa_6RmNTOc3B8Gz8JEBOUO-S0BKSt6r7jSxIPjJiGjJfpxX5yHEn3zYOwL7s8VoNgtSv43O_a5bq-Sti_8MmbUwfbmDs1Skukl7lDnDrE&amp;__tn__=*NK-R">#institutodelbicentenario</a></p>



<p class="has-text-align-center"><a href="https://www.facebook.com/hashtag/educacionsuperior?__eep__=6&amp;__cft__%5b0%5d=AZUAeS2qce_O__6ax4kGqAHbwvxa_6RmNTOc3B8Gz8JEBOUO-S0BKSt6r7jSxIPjJiGjJfpxX5yHEn3zYOwL7s8VoNgtSv43O_a5bq-Sti_8MmbUwfbmDs1Skukl7lDnDrE&amp;__tn__=*NK-R">#educacionsuperior</a></p>



<p class="has-text-align-center"><a href="https://www.facebook.com/hashtag/somoseducaci%C3%B3nsuperior?__eep__=6&amp;__cft__[0]=AZWXeYGKvRGpc2EUc9_2HUB56pQRQxwNi_EwogXjY14uDUOkUXaPNoQ2NfioHuyrGkBwSWyo5yZ7mWSlmzJ5APcpKfhDVsk8F5HTE5IAAzt6G3WsRaymNtXHZXmCymGnHHcMzcvxxkRNv5aiZWoCF7jT3S8bwA3qcbMBLSOW206gQkki6jo4nubj3ZuZRYgOzIs&amp;__tn__=*NK-R">#SomosEducaciónSuperior</a></p>

<p>INSCRIPCIONES 2026 CERRADAS Información de carga horaria, Modalidad, Requisitos, costos, medios de pago e inscripción&#x1f447;: https://forms.gle/Qah8BDKbpoWJpoVW7 Contacto&#x1f447;: 9030formacioncontinua@gmail.com Acta de resolución del postítulo con validez nacional: Res.N° 2937-2023.pdf Resolución provincial: RS-2024-06063737-GDEMZA Anexo: RESOL ACT. ESI. 2024 Y ANEXO.pdf Jefatura de Formación Continua #isfdyt9030 #institutodelbicentenario #educacionsuperior #SomosEducaciónSuperior</p>
